{"id":9411,"date":"2021-12-17T19:32:59","date_gmt":"2021-12-17T19:32:59","guid":{"rendered":"https:\/\/www.bachcelona.com\/christian-gil-borrelli\/"},"modified":"2025-12-11T21:23:54","modified_gmt":"2025-12-11T21:23:54","slug":"christian-gil-borrelli","status":"publish","type":"page","link":"https:\/\/www.bachcelona.com\/es\/christian-gil-borrelli\/","title":{"rendered":"Christian Gil-Borrelli"},"content":{"rendered":"[vc_row full_width=\u00bbstretch_row_content_no_spaces\u00bb css=\u00bb.vc_custom_1612202897517{margin-bottom: 0px !important;padding-top: px !important;padding-right: 0px !important;padding-bottom: 0px !important;}\u00bb el_class=\u00bbbar-language\u00bb][vc_column css=\u00bb.vc_custom_1612180406598{margin-bottom: 0px !important;padding-top: 0px !important;padding-bottom: 0px !important;}\u00bb offset=\u00bbvc_hidden-lg vc_hidden-md vc_hidden-sm vc_col-xs-12&#8243;][vc_custom_heading text=\u00bb`{`wpml_language_selector_widget`}`\u00bb font_container=\u00bbtag:h5|font_size:12px|text_align:center\u00bb use_theme_fonts=\u00bbyes\u00bb css=\u00bb.vc_custom_1612180415270{margin-bottom: 0px !important;padding-top: 5px !important;padding-bottom: 5px !important;}\u00bb][\/vc_column][\/vc_row][vc_row full_width=\u00bbstretch_row_content_no_spaces\u00bb css=\u00bb.vc_custom_1612202884352{margin-bottom: 0px !important;padding-top: px !important;padding-right: 0px !important;padding-bottom: 0px !important;}\u00bb el_class=\u00bbbar-language\u00bb][vc_column css=\u00bb.vc_custom_1612180516486{margin-bottom: 0px !important;padding-top: 0px !important;padding-right: 32px !important;padding-bottom: 0px !important;}\u00bb offset=\u00bbvc_col-xs-12 vc_hidden-xs\u00bb][vc_custom_heading text=\u00bb`{`wpml_language_selector_widget`}`\u00bb font_container=\u00bbtag:h5|font_size:12px|text_align:right\u00bb use_theme_fonts=\u00bbyes\u00bb css=\u00bb.vc_custom_1612179881970{margin-bottom: 0px !important;padding-top: 5px !important;padding-bottom: 5px !important;}\u00bb][\/vc_column][\/vc_row][vc_row][vc_column offset=\u00bbvc_hidden-xs\u00bb][vc_empty_space height=\u00bb75&#8243;][\/vc_column][\/vc_row][vc_row full_width=\u00bbstretch_row_content_no_spaces\u00bb gap=\u00bb35&#8243; css=\u00bb.vc_custom_1584650599547{margin-top: 0px !important;padding-right: 0px !important;}\u00bb][vc_column width=\u00bb1\/12&#8243; css=\u00bb.vc_custom_1584650160678{margin-top: 0px !important;}\u00bb][\/vc_column][vc_column width=\u00bb4\/12&#8243; offset=\u00bbvc_col-lg-offset-0 vc_col-md-offset-0 vc_col-sm-offset-0&#8243;][vc_single_image image=\u00bb9386&#8243; img_size=\u00bbfull\u00bb alignment=\u00bbcenter\u00bb css=\u00bb.vc_custom_1639767165966{margin-top: 0px !important;}\u00bb][vc_raw_html][\/vc_raw_html][\/vc_column][vc_column width=\u00bb6\/12&#8243;][vc_row_inner][vc_column_inner width=\u00bb1\/12&#8243;][\/vc_column_inner][vc_column_inner width=\u00bb11\/12&#8243;][vc_column_text css=\u00bb.vc_custom_1717049111128{margin-top: 15px !important;}\u00bb]\n<h2>Christian Gil-Borrelli, <em>contralto<\/em><\/h2>\n<p>Licenciado en Medicina, en la especialidad de Salud P\u00fablica, en 2016 aparc\u00f3 su carrera de m\u00e9dico para dedicarse exclusivamente a la m\u00fasica: ingres\u00f3 en la Escuela Superior de Canto de Madrid y all\u00ed se form\u00f3 de la mano de Cristina Gallardo-Dom\u00e2s, Pilar P\u00e9rez-\u00cd\u00f1igo y la repertorista Cristina Presmanes. Finalmente se instal\u00f3 en Alemania para estudiar con la mezzosoprano Mar\u00eda Jos\u00e9 Montiel en la prestigiosa Universit\u00e4t der K\u00fcnste (Berl\u00edn).<\/p>\n<p>Ha sido premiado por el certamen Compostela L\u00edrica (2020) y el Concurso Internacional de Canto de Medinaceli (2019), y ha formado parte de la primera generaci\u00f3n CRESCENDO, un proyecto liderado por el Teatro Real que apoya a cantantes prometedores en su emergente carrera musical.<\/p>\n<p>Ha participado en las programaciones del Teatro Real, el Auditorio Nacional, la Programaci\u00f3n L\u00edrica de la Coru\u00f1a, el Palacio de Festivales de Santander, el Auditorio Alfredo Kraus de Gran Canaria, el Auditorio de Galicia, el FIOCLE de Le\u00f3n o la SMR de Cuenca. Fuera de Espa\u00f1a, Christian Borrelli ha actuado en el Festival Monteverdi de Cremona y en el Bachfest de Leipzig.[\/vc_column_text][vc_empty_space height=\u00bb15&#8243;][\/vc_column_inner][\/vc_row_inner][\/vc_column][vc_column width=\u00bb1\/12&#8243;][\/vc_column][\/vc_row][vc_row][vc_column offset=\u00bbvc_hidden-sm vc_hidden-xs\u00bb][vc_empty_space height=\u00bb100&#8243;][\/vc_column][\/vc_row]\n","protected":false},"excerpt":{"rendered":"<p>[vc_row full_width=\u00bbstretch_row_content_no_spaces\u00bb css=\u00bb.vc_custom_1612202897517{margin-bottom: 0px !important;padding-top: px !important;padding-right: 0px !important;padding-bottom: 0px !important;}\u00bb el_class=\u00bbbar-language\u00bb][vc_column css=\u00bb.vc_custom_1612180406598{margin-bottom: 0px !important;padding-top: 0px !important;padding-bottom: 0px !important;}\u00bb offset=\u00bbvc_hidden-lg vc_hidden-md vc_hidden-sm vc_col-xs-12&#8243;][vc_custom_heading text=\u00bb`{`wpml_language_selector_widget`}`\u00bb font_container=\u00bbtag:h5|font_size:12px|text_align:center\u00bb use_theme_fonts=\u00bbyes\u00bb css=\u00bb.vc_custom_1612180415270{margin-bottom: 0px !important;padding-top: 5px !important;padding-bottom: 5px !important;}\u00bb][\/vc_column][\/vc_row][vc_row full_width=\u00bbstretch_row_content_no_spaces\u00bb css=\u00bb.vc_custom_1612202884352{margin-bottom: 0px !important;padding-top: px !important;padding-right: 0px !important;padding-bottom: 0px !important;}\u00bb el_class=\u00bbbar-language\u00bb][vc_column css=\u00bb.vc_custom_1612180516486{margin-bottom: 0px !important;padding-top: 0px !important;padding-right: 32px !important;padding-bottom: 0px !important;}\u00bb offset=\u00bbvc_col-xs-12 vc_hidden-xs\u00bb][vc_custom_heading [&hellip;]<\/p>\n","protected":false},"author":1,"featured_media":0,"parent":0,"menu_order":2,"comment_status":"open","ping_status":"closed","template":"","meta":[],"aioseo_notices":[],"_links":{"self":[{"href":"https:\/\/www.bachcelona.com\/es\/wp-json\/wp\/v2\/pages\/9411"}],"collection":[{"href":"https:\/\/www.bachcelona.com\/es\/wp-json\/wp\/v2\/pages"}],"about":[{"href":"https:\/\/www.bachcelona.com\/es\/wp-json\/wp\/v2\/types\/page"}],"author":[{"embeddable":true,"href":"https:\/\/www.bachcelona.com\/es\/wp-json\/wp\/v2\/users\/1"}],"replies":[{"embeddable":true,"href":"https:\/\/www.bachcelona.com\/es\/wp-json\/wp\/v2\/comments?post=9411"}],"version-history":[{"count":7,"href":"https:\/\/www.bachcelona.com\/es\/wp-json\/wp\/v2\/pages\/9411\/revisions"}],"predecessor-version":[{"id":11834,"href":"https:\/\/www.bachcelona.com\/es\/wp-json\/wp\/v2\/pages\/9411\/revisions\/11834"}],"wp:attachment":[{"href":"https:\/\/www.bachcelona.com\/es\/wp-json\/wp\/v2\/media?parent=9411"}],"curies":[{"name":"wp","href":"https:\/\/api.w.org\/{rel}","templated":true}]}}

[vc_row full_width=»stretch_row_content_no_spaces» css=».vc_custom_1612202897517{margin-bottom: 0px !important;padding-top: px !important;padding-right: 0px !important;padding-bottom: 0px !important;}» el_class=»bar-language»][vc_column css=».vc_custom_1612180406598{margin-bottom: 0px !important;padding-top: 0px !important;padding-bottom: 0px !important;}» offset=»vc_hidden-lg vc_hidden-md vc_hidden-sm vc_col-xs-12&#8243;][vc_custom_heading text=»`{`wpml_language_selector_widget`}`» font_container=»tag:h5|font_size:12px|text_align:center» use_theme_fonts=»yes» css=».vc_custom_1612180415270{margin-bottom: 0px !important;padding-top: 5px !important;padding-bottom: 5px !important;}»][/vc_column][/vc_row][vc_row full_width=»stretch_row_content_no_spaces» css=».vc_custom_1612202884352{margin-bottom: 0px !important;padding-top: px !important;padding-right: 0px !important;padding-bottom: 0px !important;}» el_class=»bar-language»][vc_column css=».vc_custom_1612180516486{margin-bottom: 0px !important;padding-top: 0px !important;padding-right: 32px !important;padding-bottom: 0px !important;}» offset=»vc_col-xs-12 vc_hidden-xs»][vc_custom_heading text=»`{`wpml_language_selector_widget`}`» font_container=»tag:h5|font_size:12px|text_align:right» use_theme_fonts=»yes» css=».vc_custom_1612179881970{margin-bottom: 0px !important;padding-top: 5px !important;padding-bottom: 5px !important;}»][/vc_column][/vc_row][vc_row][vc_column offset=»vc_hidden-xs»][vc_empty_space height=»75&#8243;][/vc_column][/vc_row][vc_row full_width=»stretch_row_content_no_spaces» gap=»35&#8243; css=».vc_custom_1584650599547{margin-top: 0px !important;padding-right: 0px !important;}»][vc_column width=»1/12&#8243; css=».vc_custom_1584650160678{margin-top: 0px !important;}»][/vc_column][vc_column width=»4/12&#8243; offset=»vc_col-lg-offset-0 vc_col-md-offset-0 vc_col-sm-offset-0&#8243;][vc_single_image image=»9386&#8243; img_size=»full» alignment=»center» css=».vc_custom_1639767165966{margin-top: 0px !important;}»][vc_raw_html][/vc_raw_html][/vc_column][vc_column width=»6/12&#8243;][vc_row_inner][vc_column_inner width=»1/12&#8243;][/vc_column_inner][vc_column_inner width=»11/12&#8243;][vc_column_text css=».vc_custom_1717049111128{margin-top: 15px !important;}»]
<h2>Christian Gil-Borrelli, <em>contralto</em></h2>
<p>Licenciado en Medicina, en la especialidad de Salud Pública, en 2016 aparcó su carrera de médico para dedicarse exclusivamente a la música: ingresó en la Escuela Superior de Canto de Madrid y allí se formó de la mano de Cristina Gallardo-Domâs, Pilar Pérez-Íñigo y la repertorista Cristina Presmanes. Finalmente se instaló en Alemania para estudiar con la mezzosoprano María José Montiel en la prestigiosa Universität der Künste (Berlín).</p>
<p>Ha sido premiado por el certamen Compostela Lírica (2020) y el Concurso Internacional de Canto de Medinaceli (2019), y ha formado parte de la primera generación CRESCENDO, un proyecto liderado por el Teatro Real que apoya a cantantes prometedores en su emergente carrera musical.</p>
<p>Ha participado en las programaciones del Teatro Real, el Auditorio Nacional, la Programación Lírica de la Coruña, el Palacio de Festivales de Santander, el Auditorio Alfredo Kraus de Gran Canaria, el Auditorio de Galicia, el FIOCLE de León o la SMR de Cuenca. Fuera de España, Christian Borrelli ha actuado en el Festival Monteverdi de Cremona y en el Bachfest de Leipzig.[/vc_column_text][vc_empty_space height=»15&#8243;][/vc_column_inner][/vc_row_inner][/vc_column][vc_column width=»1/12&#8243;][/vc_column][/vc_row][vc_row][vc_column offset=»vc_hidden-sm vc_hidden-xs»][vc_empty_space height=»100&#8243;][/vc_column][/vc_row]
