{"id":7445,"date":"2020-12-28T20:58:35","date_gmt":"2020-12-28T20:58:35","guid":{"rendered":"http:\/\/212.129.56.154\/dida-castro\/"},"modified":"2025-12-11T20:41:21","modified_gmt":"2025-12-11T20:41:21","slug":"dida-castro","status":"publish","type":"page","link":"https:\/\/www.bachcelona.com\/es\/dida-castro\/","title":{"rendered":"Dida Castro"},"content":{"rendered":"[vc_row][vc_column offset=\u00bbvc_hidden-xs\u00bb][vc_empty_space height=\u00bb75&#8243;][\/vc_column][\/vc_row][vc_row full_width=\u00bbstretch_row_content_no_spaces\u00bb gap=\u00bb35&#8243; css=\u00bb.vc_custom_1584650599547{margin-top: 0px !important;padding-right: 0px !important;}\u00bb][vc_column width=\u00bb1\/12&#8243; css=\u00bb.vc_custom_1584650160678{margin-top: 0px !important;}\u00bb][\/vc_column][vc_column width=\u00bb4\/12&#8243; offset=\u00bbvc_col-lg-offset-0 vc_col-md-offset-0 vc_col-sm-offset-0&#8243;][vc_single_image image=\u00bb6629&#8243; img_size=\u00bbfull\u00bb alignment=\u00bbcenter\u00bb css=\u00bb.vc_custom_1609697138452{margin-top: 0px !important;}\u00bb][vc_raw_html][\/vc_raw_html][\/vc_column][vc_column width=\u00bb6\/12&#8243;][vc_row_inner][vc_column_inner width=\u00bb1\/12&#8243;][\/vc_column_inner][vc_column_inner width=\u00bb11\/12&#8243;][vc_column_text css=\u00bb.vc_custom_1609189084019{margin-top: 15px !important;}\u00bb]\n<h2>Dida Castro<\/h2>\n<p>Formada entre Catalunya i B\u00e8lgica estudia t\u00e8cnica vocal amb el mestre Jorge Sirena i ha rebut classes magistrals dels mestres Maite Beaumont, Jaume Aragall, Raquel Pierotti, Rachel Taghikani, Lucienne van Dijck i Carole Wilson. Ha treballat repertori amb Os\u00edas Wilenski, Viviana Salisi, Maria Neus Devesa, Josep Buforn i Ricardo Estrada a Barcelona i Filip Martens, Inge Spinette i Jef Smits a B\u00e8lgica. Ha ofert recitals de Lied i com a solista ha rebut molt bones cr\u00edtiques en el debut dels rols d\u2019Orfeo a l\u2019Orfeo ed Euridice, de Cherubino a Le Nozze di Figaro, o de tercera Dama a Die Zauberfl\u00f6te. En el camp de l\u2019oratori ha cantat obres emblem\u00e0tiques del repertori en espais com la Sagrada Fam\u00edlia, el Monestir de Pedralbes, la Bas\u00edlica de Santa Maria del Mar i la Bas\u00edlica de Santa Maria del Pi.[\/vc_column_text][vc_empty_space height=\u00bb15&#8243;][\/vc_column_inner][\/vc_row_inner][\/vc_column][vc_column width=\u00bb1\/12&#8243;][\/vc_column][\/vc_row][vc_row][vc_column offset=\u00bbvc_hidden-sm vc_hidden-xs\u00bb][vc_empty_space height=\u00bb100&#8243;][\/vc_column][\/vc_row]\n","protected":false},"excerpt":{"rendered":"<p>[vc_row][vc_column offset=\u00bbvc_hidden-xs\u00bb][vc_empty_space height=\u00bb75&#8243;][\/vc_column][\/vc_row][vc_row full_width=\u00bbstretch_row_content_no_spaces\u00bb gap=\u00bb35&#8243; css=\u00bb.vc_custom_1584650599547{margin-top: 0px !important;padding-right: 0px !important;}\u00bb][vc_column width=\u00bb1\/12&#8243; css=\u00bb.vc_custom_1584650160678{margin-top: 0px !important;}\u00bb][\/vc_column][vc_column width=\u00bb4\/12&#8243; offset=\u00bbvc_col-lg-offset-0 vc_col-md-offset-0 vc_col-sm-offset-0&#8243;][vc_single_image image=\u00bb6629&#8243; img_size=\u00bbfull\u00bb alignment=\u00bbcenter\u00bb css=\u00bb.vc_custom_1609697138452{margin-top: 0px !important;}\u00bb][vc_raw_html][\/vc_raw_html][\/vc_column][vc_column width=\u00bb6\/12&#8243;][vc_row_inner][vc_column_inner width=\u00bb1\/12&#8243;][\/vc_column_inner][vc_column_inner width=\u00bb11\/12&#8243;][vc_column_text css=\u00bb.vc_custom_1609189084019{margin-top: 15px !important;}\u00bb] Dida Castro Formada entre Catalunya i B\u00e8lgica estudia t\u00e8cnica vocal amb el mestre Jorge Sirena i ha rebut classes magistrals dels mestres Maite Beaumont, Jaume [&hellip;]<\/p>\n","protected":false},"author":1,"featured_media":0,"parent":0,"menu_order":2,"comment_status":"open","ping_status":"closed","template":"","meta":[],"aioseo_notices":[],"_links":{"self":[{"href":"https:\/\/www.bachcelona.com\/es\/wp-json\/wp\/v2\/pages\/7445"}],"collection":[{"href":"https:\/\/www.bachcelona.com\/es\/wp-json\/wp\/v2\/pages"}],"about":[{"href":"https:\/\/www.bachcelona.com\/es\/wp-json\/wp\/v2\/types\/page"}],"author":[{"embeddable":true,"href":"https:\/\/www.bachcelona.com\/es\/wp-json\/wp\/v2\/users\/1"}],"replies":[{"embeddable":true,"href":"https:\/\/www.bachcelona.com\/es\/wp-json\/wp\/v2\/comments?post=7445"}],"version-history":[{"count":1,"href":"https:\/\/www.bachcelona.com\/es\/wp-json\/wp\/v2\/pages\/7445\/revisions"}],"predecessor-version":[{"id":7452,"href":"https:\/\/www.bachcelona.com\/es\/wp-json\/wp\/v2\/pages\/7445\/revisions\/7452"}],"wp:attachment":[{"href":"https:\/\/www.bachcelona.com\/es\/wp-json\/wp\/v2\/media?parent=7445"}],"curies":[{"name":"wp","href":"https:\/\/api.w.org\/{rel}","templated":true}]}}

[vc_row][vc_column offset=»vc_hidden-xs»][vc_empty_space height=»75&#8243;][/vc_column][/vc_row][vc_row full_width=»stretch_row_content_no_spaces» gap=»35&#8243; css=».vc_custom_1584650599547{margin-top: 0px !important;padding-right: 0px !important;}»][vc_column width=»1/12&#8243; css=».vc_custom_1584650160678{margin-top: 0px !important;}»][/vc_column][vc_column width=»4/12&#8243; offset=»vc_col-lg-offset-0 vc_col-md-offset-0 vc_col-sm-offset-0&#8243;][vc_single_image image=»6629&#8243; img_size=»full» alignment=»center» css=».vc_custom_1609697138452{margin-top: 0px !important;}»][vc_raw_html][/vc_raw_html][/vc_column][vc_column width=»6/12&#8243;][vc_row_inner][vc_column_inner width=»1/12&#8243;][/vc_column_inner][vc_column_inner width=»11/12&#8243;][vc_column_text css=».vc_custom_1609189084019{margin-top: 15px !important;}»]
<h2>Dida Castro</h2>
<p>Formada entre Catalunya i Bèlgica estudia tècnica vocal amb el mestre Jorge Sirena i ha rebut classes magistrals dels mestres Maite Beaumont, Jaume Aragall, Raquel Pierotti, Rachel Taghikani, Lucienne van Dijck i Carole Wilson. Ha treballat repertori amb Osías Wilenski, Viviana Salisi, Maria Neus Devesa, Josep Buforn i Ricardo Estrada a Barcelona i Filip Martens, Inge Spinette i Jef Smits a Bèlgica. Ha ofert recitals de Lied i com a solista ha rebut molt bones crítiques en el debut dels rols d’Orfeo a l’Orfeo ed Euridice, de Cherubino a Le Nozze di Figaro, o de tercera Dama a Die Zauberflöte. En el camp de l’oratori ha cantat obres emblemàtiques del repertori en espais com la Sagrada Família, el Monestir de Pedralbes, la Basílica de Santa Maria del Mar i la Basílica de Santa Maria del Pi.[/vc_column_text][vc_empty_space height=»15&#8243;][/vc_column_inner][/vc_row_inner][/vc_column][vc_column width=»1/12&#8243;][/vc_column][/vc_row][vc_row][vc_column offset=»vc_hidden-sm vc_hidden-xs»][vc_empty_space height=»100&#8243;][/vc_column][/vc_row]

<p>[vc_row][vc_column offset=»vc_hidden-xs»][vc_empty_space height=»75&#8243;][/vc_column][/vc_row][vc_row full_width=»stretch_row_content_no_spaces» gap=»35&#8243; css=».vc_custom_1584650599547{margin-top: 0px !important;padding-right: 0px !important;}»][vc_column width=»1/12&#8243; css=».vc_custom_1584650160678{margin-top: 0px !important;}»][/vc_column][vc_column width=»4/12&#8243; offset=»vc_col-lg-offset-0 vc_col-md-offset-0 vc_col-sm-offset-0&#8243;][vc_single_image image=»6629&#8243; img_size=»full» alignment=»center» css=».vc_custom_1609697138452{margin-top: 0px !important;}»][vc_raw_html][/vc_raw_html][/vc_column][vc_column width=»6/12&#8243;][vc_row_inner][vc_column_inner width=»1/12&#8243;][/vc_column_inner][vc_column_inner width=»11/12&#8243;][vc_column_text css=».vc_custom_1609189084019{margin-top: 15px !important;}»] Dida Castro Formada entre Catalunya i Bèlgica estudia tècnica vocal amb el mestre Jorge Sirena i ha rebut classes magistrals dels mestres Maite Beaumont, Jaume [&hellip;]</p>
