{"id":7312,"date":"2020-12-22T01:20:45","date_gmt":"2020-12-22T01:20:45","guid":{"rendered":"http:\/\/212.129.56.154\/mercedes-gancedo\/"},"modified":"2025-12-11T21:07:45","modified_gmt":"2025-12-11T21:07:45","slug":"mercedes-gancedo","status":"publish","type":"page","link":"https:\/\/www.bachcelona.com\/es\/mercedes-gancedo\/","title":{"rendered":"Mercedes &lt;br&gt;Gancedo"},"content":{"rendered":"[vc_row full_width=\u00bbstretch_row_content_no_spaces\u00bb css=\u00bb.vc_custom_1612202884352{margin-bottom: 0px !important;padding-top: px !important;padding-right: 0px !important;padding-bottom: 0px !important;}\u00bb el_class=\u00bbbar-language\u00bb][vc_column css=\u00bb.vc_custom_1612180516486{margin-bottom: 0px !important;padding-top: 0px !important;padding-right: 32px !important;padding-bottom: 0px !important;}\u00bb offset=\u00bbvc_col-xs-12 vc_hidden-xs\u00bb][vc_custom_heading text=\u00bb`{`wpml_language_selector_widget`}`\u00bb font_container=\u00bbtag:h5|font_size:12px|text_align:right\u00bb use_theme_fonts=\u00bbyes\u00bb css=\u00bb.vc_custom_1612179881970{margin-bottom: 0px !important;padding-top: 5px !important;padding-bottom: 5px !important;}\u00bb][\/vc_column][\/vc_row][vc_row full_width=\u00bbstretch_row_content_no_spaces\u00bb css=\u00bb.vc_custom_1612202897517{margin-bottom: 0px !important;padding-top: px !important;padding-right: 0px !important;padding-bottom: 0px !important;}\u00bb el_class=\u00bbbar-language\u00bb][vc_column css=\u00bb.vc_custom_1612180406598{margin-bottom: 0px !important;padding-top: 0px !important;padding-bottom: 0px !important;}\u00bb offset=\u00bbvc_hidden-lg vc_hidden-md vc_hidden-sm vc_col-xs-12&#8243;][vc_custom_heading text=\u00bb`{`wpml_language_selector_widget`}`\u00bb font_container=\u00bbtag:h5|font_size:12px|text_align:center\u00bb use_theme_fonts=\u00bbyes\u00bb css=\u00bb.vc_custom_1612180415270{margin-bottom: 0px !important;padding-top: 5px !important;padding-bottom: 5px !important;}\u00bb][\/vc_column][\/vc_row][vc_row][vc_column offset=\u00bbvc_hidden-xs\u00bb][vc_empty_space height=\u00bb75&#8243;][\/vc_column][\/vc_row][vc_row full_width=\u00bbstretch_row_content_no_spaces\u00bb gap=\u00bb35&#8243; css=\u00bb.vc_custom_1584650599547{margin-top: 0px !important;padding-right: 0px !important;}\u00bb][vc_column width=\u00bb1\/12&#8243; css=\u00bb.vc_custom_1584650160678{margin-top: 0px !important;}\u00bb][\/vc_column][vc_column width=\u00bb4\/12&#8243; offset=\u00bbvc_col-lg-offset-0 vc_col-md-offset-0 vc_col-sm-offset-0&#8243;][vc_single_image image=\u00bb6537&#8243; img_size=\u00bbfull\u00bb alignment=\u00bbcenter\u00bb css=\u00bb.vc_custom_1608726282895{margin-top: 0px !important;}\u00bb][vc_raw_html][\/vc_raw_html][\/vc_column][vc_column width=\u00bb6\/12&#8243;][vc_row_inner][vc_column_inner width=\u00bb1\/12&#8243;][\/vc_column_inner][vc_column_inner width=\u00bb11\/12&#8243;][vc_column_text css=\u00bb.vc_custom_1609189579785{margin-top: 15px !important;}\u00bb]\n<h2>Mercedes\u00a0Gancedo, <em>soprano<\/em><\/h2>\n<p class=\"p1\">Nascuda a Buenos Aires, debut\u00e0 a 18 anys en el rol de Despina (<i>Cos\u00ec fan tutte<\/i>) al Teatro Roma de la seva ciutat natal. Formada amb Jaume Aragall, Teresa Berganza, Mirella Freni, Montserrat Caball\u00e9 i Cecilia Bartoli, entre d\u2019altres,\u00a0Gancedo\u00a0combina la faceta oper\u00edstica amb el lied i l\u2019oratori. Ha estudiat el M\u00e0ster de Lied \u201cVictoria de los Angeles\u201d a l\u2019ESMUC, i ha estat premiada a diversos pa\u00efsos, entre els quals es troba Argentina, Alemanya i Catalunya (Francesc Vi\u00f1as, Premi El Primer Palau). Aquest any ha encetat la Temporada del Gran Teatre del Liceu 2020-2021 amb l&#8217;\u00f2pera\u00a0<i>Il Trovatore, sota la batuta de Gustavo Dudamel.<\/i>\u00a0Ha cantat rols com Elle (<i>La voix humaine<\/i>), Mariana (<i>Das Liebesverbot<\/i>), Berta (<i>Il barbiere di Siviglia<\/i>), Pamina, Zweite Dame (<i>Die Zauberfl\u00f6te<\/i>), Alisa (<i>Lucia di Lammermoor<\/i>), Clarina (<i>La cambiale di matrimonio<\/i>), Micaela (<i>Carmen<\/i>), Kate Pinkerton (<i>Madame Butterfly<\/i>), Condesa di Ceprano (<i>Rigoletto<\/i>), Giannetta (<i>L\u2019Elisir d\u2019amore<\/i>) en teatres com el Gran Teatre del Liceu, Festival Castell de Peralada, Teatro Campoamor d\u2019Oviedo, Teatro Jovellanos i La Far\u00e0ndula de Sabadell. Ha actuat sota la batuta de mestres com Gustavo Dudamel, Enrico Delamboye, Daniel Montan\u00e9, Riccardo Frizza i Josep Pons, entre d\u2019altres.<\/p>\n<p class=\"p1\">L\u2019artisa est\u00e0 realitzant, paral.lelament, una destacable carrera en el g\u00e8nere del lied, participant en importants festivals i auditoris com l\u2019Oxford Lieder Festival, la Schubert\u00edada de Vilabertran, el Festival LIFE Victoria, el Barcelona Obertura Spring Festival, el Palau de la M\u00fasica Catalana, L\u2019Auditori i la Fundaci\u00f3 Juan March.<span class=\"s1\"><br \/>\n<\/span>Amb la pianista Beatriz Miralles, grav\u00e0, el 2017, el seu \u00e0lbum debut\u00a0<i>Cooking America<\/i>.<span class=\"s1\"><br \/>\n<\/span><\/p>\n[\/vc_column_text][vc_empty_space height=\u00bb15&#8243;][\/vc_column_inner][\/vc_row_inner][\/vc_column][vc_column width=\u00bb1\/12&#8243;][\/vc_column][\/vc_row][vc_row][vc_column offset=\u00bbvc_hidden-sm vc_hidden-xs\u00bb][vc_empty_space height=\u00bb100&#8243;][\/vc_column][\/vc_row]\n","protected":false},"excerpt":{"rendered":"<p>[vc_row full_width=\u00bbstretch_row_content_no_spaces\u00bb css=\u00bb.vc_custom_1612202884352{margin-bottom: 0px !important;padding-top: px !important;padding-right: 0px !important;padding-bottom: 0px !important;}\u00bb el_class=\u00bbbar-language\u00bb][vc_column css=\u00bb.vc_custom_1612180516486{margin-bottom: 0px !important;padding-top: 0px !important;padding-right: 32px !important;padding-bottom: 0px !important;}\u00bb offset=\u00bbvc_col-xs-12 vc_hidden-xs\u00bb][vc_custom_heading text=\u00bb`{`wpml_language_selector_widget`}`\u00bb font_container=\u00bbtag:h5|font_size:12px|text_align:right\u00bb use_theme_fonts=\u00bbyes\u00bb css=\u00bb.vc_custom_1612179881970{margin-bottom: 0px !important;padding-top: 5px !important;padding-bottom: 5px !important;}\u00bb][\/vc_column][\/vc_row][vc_row full_width=\u00bbstretch_row_content_no_spaces\u00bb css=\u00bb.vc_custom_1612202897517{margin-bottom: 0px !important;padding-top: px !important;padding-right: 0px !important;padding-bottom: 0px !important;}\u00bb el_class=\u00bbbar-language\u00bb][vc_column css=\u00bb.vc_custom_1612180406598{margin-bottom: 0px !important;padding-top: 0px !important;padding-bottom: 0px !important;}\u00bb offset=\u00bbvc_hidden-lg vc_hidden-md vc_hidden-sm vc_col-xs-12&#8243;][vc_custom_heading [&hellip;]<\/p>\n","protected":false},"author":1,"featured_media":0,"parent":0,"menu_order":2,"comment_status":"open","ping_status":"closed","template":"","meta":[],"aioseo_notices":[],"_links":{"self":[{"href":"https:\/\/www.bachcelona.com\/es\/wp-json\/wp\/v2\/pages\/7312"}],"collection":[{"href":"https:\/\/www.bachcelona.com\/es\/wp-json\/wp\/v2\/pages"}],"about":[{"href":"https:\/\/www.bachcelona.com\/es\/wp-json\/wp\/v2\/types\/page"}],"author":[{"embeddable":true,"href":"https:\/\/www.bachcelona.com\/es\/wp-json\/wp\/v2\/users\/1"}],"replies":[{"embeddable":true,"href":"https:\/\/www.bachcelona.com\/es\/wp-json\/wp\/v2\/comments?post=7312"}],"version-history":[{"count":1,"href":"https:\/\/www.bachcelona.com\/es\/wp-json\/wp\/v2\/pages\/7312\/revisions"}],"predecessor-version":[{"id":7594,"href":"https:\/\/www.bachcelona.com\/es\/wp-json\/wp\/v2\/pages\/7312\/revisions\/7594"}],"wp:attachment":[{"href":"https:\/\/www.bachcelona.com\/es\/wp-json\/wp\/v2\/media?parent=7312"}],"curies":[{"name":"wp","href":"https:\/\/api.w.org\/{rel}","templated":true}]}}

[vc_row full_width=»stretch_row_content_no_spaces» css=».vc_custom_1612202884352{margin-bottom: 0px !important;padding-top: px !important;padding-right: 0px !important;padding-bottom: 0px !important;}» el_class=»bar-language»][vc_column css=».vc_custom_1612180516486{margin-bottom: 0px !important;padding-top: 0px !important;padding-right: 32px !important;padding-bottom: 0px !important;}» offset=»vc_col-xs-12 vc_hidden-xs»][vc_custom_heading text=»`{`wpml_language_selector_widget`}`» font_container=»tag:h5|font_size:12px|text_align:right» use_theme_fonts=»yes» css=».vc_custom_1612179881970{margin-bottom: 0px !important;padding-top: 5px !important;padding-bottom: 5px !important;}»][/vc_column][/vc_row][vc_row full_width=»stretch_row_content_no_spaces» css=».vc_custom_1612202897517{margin-bottom: 0px !important;padding-top: px !important;padding-right: 0px !important;padding-bottom: 0px !important;}» el_class=»bar-language»][vc_column css=».vc_custom_1612180406598{margin-bottom: 0px !important;padding-top: 0px !important;padding-bottom: 0px !important;}» offset=»vc_hidden-lg vc_hidden-md vc_hidden-sm vc_col-xs-12&#8243;][vc_custom_heading text=»`{`wpml_language_selector_widget`}`» font_container=»tag:h5|font_size:12px|text_align:center» use_theme_fonts=»yes» css=».vc_custom_1612180415270{margin-bottom: 0px !important;padding-top: 5px !important;padding-bottom: 5px !important;}»][/vc_column][/vc_row][vc_row][vc_column offset=»vc_hidden-xs»][vc_empty_space height=»75&#8243;][/vc_column][/vc_row][vc_row full_width=»stretch_row_content_no_spaces» gap=»35&#8243; css=».vc_custom_1584650599547{margin-top: 0px !important;padding-right: 0px !important;}»][vc_column width=»1/12&#8243; css=».vc_custom_1584650160678{margin-top: 0px !important;}»][/vc_column][vc_column width=»4/12&#8243; offset=»vc_col-lg-offset-0 vc_col-md-offset-0 vc_col-sm-offset-0&#8243;][vc_single_image image=»6537&#8243; img_size=»full» alignment=»center» css=».vc_custom_1608726282895{margin-top: 0px !important;}»][vc_raw_html][/vc_raw_html][/vc_column][vc_column width=»6/12&#8243;][vc_row_inner][vc_column_inner width=»1/12&#8243;][/vc_column_inner][vc_column_inner width=»11/12&#8243;][vc_column_text css=».vc_custom_1609189579785{margin-top: 15px !important;}»]
<h2>Mercedes Gancedo, <em>soprano</em></h2>
<p class="p1">Nascuda a Buenos Aires, debutà a 18 anys en el rol de Despina (<i>Così fan tutte</i>) al Teatro Roma de la seva ciutat natal. Formada amb Jaume Aragall, Teresa Berganza, Mirella Freni, Montserrat Caballé i Cecilia Bartoli, entre d’altres, Gancedo combina la faceta operística amb el lied i l’oratori. Ha estudiat el Màster de Lied “Victoria de los Angeles” a l’ESMUC, i ha estat premiada a diversos països, entre els quals es troba Argentina, Alemanya i Catalunya (Francesc Viñas, Premi El Primer Palau). Aquest any ha encetat la Temporada del Gran Teatre del Liceu 2020-2021 amb l&#8217;òpera <i>Il Trovatore, sota la batuta de Gustavo Dudamel.</i> Ha cantat rols com Elle (<i>La voix humaine</i>), Mariana (<i>Das Liebesverbot</i>), Berta (<i>Il barbiere di Siviglia</i>), Pamina, Zweite Dame (<i>Die Zauberflöte</i>), Alisa (<i>Lucia di Lammermoor</i>), Clarina (<i>La cambiale di matrimonio</i>), Micaela (<i>Carmen</i>), Kate Pinkerton (<i>Madame Butterfly</i>), Condesa di Ceprano (<i>Rigoletto</i>), Giannetta (<i>L’Elisir d’amore</i>) en teatres com el Gran Teatre del Liceu, Festival Castell de Peralada, Teatro Campoamor d’Oviedo, Teatro Jovellanos i La Faràndula de Sabadell. Ha actuat sota la batuta de mestres com Gustavo Dudamel, Enrico Delamboye, Daniel Montané, Riccardo Frizza i Josep Pons, entre d’altres.</p>
<p class="p1">L’artisa està realitzant, paral.lelament, una destacable carrera en el gènere del lied, participant en importants festivals i auditoris com l’Oxford Lieder Festival, la Schubertíada de Vilabertran, el Festival LIFE Victoria, el Barcelona Obertura Spring Festival, el Palau de la Música Catalana, L’Auditori i la Fundació Juan March.<span class="s1"><br />
</span>Amb la pianista Beatriz Miralles, gravà, el 2017, el seu àlbum debut <i>Cooking America</i>.<span class="s1"><br />
</span></p>
[/vc_column_text][vc_empty_space height=»15&#8243;][/vc_column_inner][/vc_row_inner][/vc_column][vc_column width=»1/12&#8243;][/vc_column][/vc_row][vc_row][vc_column offset=»vc_hidden-sm vc_hidden-xs»][vc_empty_space height=»100&#8243;][/vc_column][/vc_row]
