{"id":7304,"date":"2020-12-23T12:17:21","date_gmt":"2020-12-23T12:17:21","guid":{"rendered":"http:\/\/212.129.56.154\/?page_id=7304"},"modified":"2025-12-11T21:09:32","modified_gmt":"2025-12-11T21:09:32","slug":"lara-morger","status":"publish","type":"page","link":"https:\/\/www.bachcelona.com\/es\/lara-morger\/","title":{"rendered":"Lara Morger"},"content":{"rendered":"[vc_row full_width=\u00bbstretch_row_content_no_spaces\u00bb css=\u00bb.vc_custom_1612202897517{margin-bottom: 0px !important;padding-top: px !important;padding-right: 0px !important;padding-bottom: 0px !important;}\u00bb el_class=\u00bbbar-language\u00bb][vc_column css=\u00bb.vc_custom_1612180406598{margin-bottom: 0px !important;padding-top: 0px !important;padding-bottom: 0px !important;}\u00bb offset=\u00bbvc_hidden-lg vc_hidden-md vc_hidden-sm vc_col-xs-12&#8243;][vc_custom_heading text=\u00bb`{`wpml_language_selector_widget`}`\u00bb font_container=\u00bbtag:h5|font_size:12px|text_align:center\u00bb use_theme_fonts=\u00bbyes\u00bb css=\u00bb.vc_custom_1612180415270{margin-bottom: 0px !important;padding-top: 5px !important;padding-bottom: 5px !important;}\u00bb][\/vc_column][\/vc_row][vc_row full_width=\u00bbstretch_row_content_no_spaces\u00bb css=\u00bb.vc_custom_1612202884352{margin-bottom: 0px !important;padding-top: px !important;padding-right: 0px !important;padding-bottom: 0px !important;}\u00bb el_class=\u00bbbar-language\u00bb][vc_column css=\u00bb.vc_custom_1612180516486{margin-bottom: 0px !important;padding-top: 0px !important;padding-right: 32px !important;padding-bottom: 0px !important;}\u00bb offset=\u00bbvc_col-xs-12 vc_hidden-xs\u00bb][vc_custom_heading text=\u00bb`{`wpml_language_selector_widget`}`\u00bb font_container=\u00bbtag:h5|font_size:12px|text_align:right\u00bb use_theme_fonts=\u00bbyes\u00bb css=\u00bb.vc_custom_1612179881970{margin-bottom: 0px !important;padding-top: 5px !important;padding-bottom: 5px !important;}\u00bb][\/vc_column][\/vc_row][vc_row][vc_column offset=\u00bbvc_hidden-xs\u00bb][vc_empty_space height=\u00bb75&#8243;][\/vc_column][\/vc_row][vc_row full_width=\u00bbstretch_row_content_no_spaces\u00bb gap=\u00bb35&#8243; css=\u00bb.vc_custom_1584650599547{margin-top: 0px !important;padding-right: 0px !important;}\u00bb][vc_column width=\u00bb1\/12&#8243; css=\u00bb.vc_custom_1584650160678{margin-top: 0px !important;}\u00bb][\/vc_column][vc_column width=\u00bb4\/12&#8243; offset=\u00bbvc_col-lg-offset-0 vc_col-md-offset-0 vc_col-sm-offset-0&#8243;][vc_single_image image=\u00bb6528&#8243; img_size=\u00bbfull\u00bb alignment=\u00bbcenter\u00bb css=\u00bb.vc_custom_1608725734662{margin-top: 0px !important;}\u00bb][vc_raw_html][\/vc_raw_html][\/vc_column][vc_column width=\u00bb6\/12&#8243;][vc_row_inner][vc_column_inner width=\u00bb1\/12&#8243;][\/vc_column_inner][vc_column_inner width=\u00bb11\/12&#8243;][vc_column_text css=\u00bb.vc_custom_1623742027112{margin-top: 15px !important;}\u00bb]\n<h2>Lara Morger, <em>alto<\/em><\/h2>\n<p>La mezzosoprano <span class=\" author-d-1gg9uz65z1iz85zgdz68zmqkz84zo2qoxvz75zmz77zarz88zwbpaez79zz67zz69zz83zz76zz73zleyz82zz70zz70zj3z90zgsqz67z h-ldquo\">su\u00efssa<\/span>, formada a Freiburg i Leipzig, est\u00e0 especialitzada en m\u00fasica barroca. Ha fet masterclasses a l\u2019European Hanse-Ensemble (amb Ulrike Hofbauer), la Bachakademie Stuttgart (amb Emma Kirkby, Kai Wessel, James Gilchrist i Peter Kooij), i amb Ton Koopman, Lia Serafini i Claudine Ansermet.\u2028En el terreny de l\u2019\u00f2pera destaquen les seves interpretacions de rols h\u00e4ndelians, aix\u00ed com d\u2019Alessandro Stradella i, en solitari, la\u00a0<em>Passi\u00f3 segons Sant Joan<\/em>\u00a0i la \u201cDonner Ode\u201d, de Telemann, \u201cEhre sei dir Gott gesungen\u201d i diverses cantates de Bach. Ha actuat en llocs com el Theater Freiburg, Theater Naumberg, Stiftskirche Stuttgart, la Ludwigskirche Freiburg o la Heiliggeistkirche Heidelberg, amb ensembles com la Vocalensemble of Bachstifung St. Gallen, Tammurriata a l\u2019Innsbrucker Festtage Alter Musik o el 54eme Festival de Musique La Chaise Dieux. Ha col.laborat amb directors com Wolgfang Katschner, Hans-Christoph Rademann, Christoph Andreas Sch\u00e4fer, Frank Markowitsch, Tom Koopman o J\u00e9r\u00e9mie Rhorer.[\/vc_column_text][vc_empty_space height=\u00bb15&#8243;][\/vc_column_inner][\/vc_row_inner][\/vc_column][vc_column width=\u00bb1\/12&#8243;][\/vc_column][\/vc_row][vc_row][vc_column offset=\u00bbvc_hidden-sm vc_hidden-xs\u00bb][vc_empty_space height=\u00bb100&#8243;][\/vc_column][\/vc_row]\n","protected":false},"excerpt":{"rendered":"<p>[vc_row full_width=\u00bbstretch_row_content_no_spaces\u00bb css=\u00bb.vc_custom_1612202897517{margin-bottom: 0px !important;padding-top: px !important;padding-right: 0px !important;padding-bottom: 0px !important;}\u00bb el_class=\u00bbbar-language\u00bb][vc_column css=\u00bb.vc_custom_1612180406598{margin-bottom: 0px !important;padding-top: 0px !important;padding-bottom: 0px !important;}\u00bb offset=\u00bbvc_hidden-lg vc_hidden-md vc_hidden-sm vc_col-xs-12&#8243;][vc_custom_heading text=\u00bb`{`wpml_language_selector_widget`}`\u00bb font_container=\u00bbtag:h5|font_size:12px|text_align:center\u00bb use_theme_fonts=\u00bbyes\u00bb css=\u00bb.vc_custom_1612180415270{margin-bottom: 0px !important;padding-top: 5px !important;padding-bottom: 5px !important;}\u00bb][\/vc_column][\/vc_row][vc_row full_width=\u00bbstretch_row_content_no_spaces\u00bb css=\u00bb.vc_custom_1612202884352{margin-bottom: 0px !important;padding-top: px !important;padding-right: 0px !important;padding-bottom: 0px !important;}\u00bb el_class=\u00bbbar-language\u00bb][vc_column css=\u00bb.vc_custom_1612180516486{margin-bottom: 0px !important;padding-top: 0px !important;padding-right: 32px !important;padding-bottom: 0px !important;}\u00bb offset=\u00bbvc_col-xs-12 vc_hidden-xs\u00bb][vc_custom_heading [&hellip;]<\/p>\n","protected":false},"author":1,"featured_media":0,"parent":0,"menu_order":2,"comment_status":"open","ping_status":"closed","template":"","meta":[],"aioseo_notices":[],"_links":{"self":[{"href":"https:\/\/www.bachcelona.com\/es\/wp-json\/wp\/v2\/pages\/7304"}],"collection":[{"href":"https:\/\/www.bachcelona.com\/es\/wp-json\/wp\/v2\/pages"}],"about":[{"href":"https:\/\/www.bachcelona.com\/es\/wp-json\/wp\/v2\/types\/page"}],"author":[{"embeddable":true,"href":"https:\/\/www.bachcelona.com\/es\/wp-json\/wp\/v2\/users\/1"}],"replies":[{"embeddable":true,"href":"https:\/\/www.bachcelona.com\/es\/wp-json\/wp\/v2\/comments?post=7304"}],"version-history":[{"count":11,"href":"https:\/\/www.bachcelona.com\/es\/wp-json\/wp\/v2\/pages\/7304\/revisions"}],"predecessor-version":[{"id":12053,"href":"https:\/\/www.bachcelona.com\/es\/wp-json\/wp\/v2\/pages\/7304\/revisions\/12053"}],"wp:attachment":[{"href":"https:\/\/www.bachcelona.com\/es\/wp-json\/wp\/v2\/media?parent=7304"}],"curies":[{"name":"wp","href":"https:\/\/api.w.org\/{rel}","templated":true}]}}

[vc_row full_width=»stretch_row_content_no_spaces» css=».vc_custom_1612202897517{margin-bottom: 0px !important;padding-top: px !important;padding-right: 0px !important;padding-bottom: 0px !important;}» el_class=»bar-language»][vc_column css=».vc_custom_1612180406598{margin-bottom: 0px !important;padding-top: 0px !important;padding-bottom: 0px !important;}» offset=»vc_hidden-lg vc_hidden-md vc_hidden-sm vc_col-xs-12&#8243;][vc_custom_heading text=»`{`wpml_language_selector_widget`}`» font_container=»tag:h5|font_size:12px|text_align:center» use_theme_fonts=»yes» css=».vc_custom_1612180415270{margin-bottom: 0px !important;padding-top: 5px !important;padding-bottom: 5px !important;}»][/vc_column][/vc_row][vc_row full_width=»stretch_row_content_no_spaces» css=».vc_custom_1612202884352{margin-bottom: 0px !important;padding-top: px !important;padding-right: 0px !important;padding-bottom: 0px !important;}» el_class=»bar-language»][vc_column css=».vc_custom_1612180516486{margin-bottom: 0px !important;padding-top: 0px !important;padding-right: 32px !important;padding-bottom: 0px !important;}» offset=»vc_col-xs-12 vc_hidden-xs»][vc_custom_heading text=»`{`wpml_language_selector_widget`}`» font_container=»tag:h5|font_size:12px|text_align:right» use_theme_fonts=»yes» css=».vc_custom_1612179881970{margin-bottom: 0px !important;padding-top: 5px !important;padding-bottom: 5px !important;}»][/vc_column][/vc_row][vc_row][vc_column offset=»vc_hidden-xs»][vc_empty_space height=»75&#8243;][/vc_column][/vc_row][vc_row full_width=»stretch_row_content_no_spaces» gap=»35&#8243; css=».vc_custom_1584650599547{margin-top: 0px !important;padding-right: 0px !important;}»][vc_column width=»1/12&#8243; css=».vc_custom_1584650160678{margin-top: 0px !important;}»][/vc_column][vc_column width=»4/12&#8243; offset=»vc_col-lg-offset-0 vc_col-md-offset-0 vc_col-sm-offset-0&#8243;][vc_single_image image=»6528&#8243; img_size=»full» alignment=»center» css=».vc_custom_1608725734662{margin-top: 0px !important;}»][vc_raw_html][/vc_raw_html][/vc_column][vc_column width=»6/12&#8243;][vc_row_inner][vc_column_inner width=»1/12&#8243;][/vc_column_inner][vc_column_inner width=»11/12&#8243;][vc_column_text css=».vc_custom_1623742027112{margin-top: 15px !important;}»]
<h2>Lara Morger, <em>alto</em></h2>
<p>La mezzosoprano <span class=" author-d-1gg9uz65z1iz85zgdz68zmqkz84zo2qoxvz75zmz77zarz88zwbpaez79zz67zz69zz83zz76zz73zleyz82zz70zz70zj3z90zgsqz67z h-ldquo">suïssa</span>, formada a Freiburg i Leipzig, està especialitzada en música barroca. Ha fet masterclasses a l’European Hanse-Ensemble (amb Ulrike Hofbauer), la Bachakademie Stuttgart (amb Emma Kirkby, Kai Wessel, James Gilchrist i Peter Kooij), i amb Ton Koopman, Lia Serafini i Claudine Ansermet. En el terreny de l’òpera destaquen les seves interpretacions de rols händelians, així com d’Alessandro Stradella i, en solitari, la <em>Passió segons Sant Joan</em> i la “Donner Ode”, de Telemann, “Ehre sei dir Gott gesungen” i diverses cantates de Bach. Ha actuat en llocs com el Theater Freiburg, Theater Naumberg, Stiftskirche Stuttgart, la Ludwigskirche Freiburg o la Heiliggeistkirche Heidelberg, amb ensembles com la Vocalensemble of Bachstifung St. Gallen, Tammurriata a l’Innsbrucker Festtage Alter Musik o el 54eme Festival de Musique La Chaise Dieux. Ha col.laborat amb directors com Wolgfang Katschner, Hans-Christoph Rademann, Christoph Andreas Schäfer, Frank Markowitsch, Tom Koopman o Jérémie Rhorer.[/vc_column_text][vc_empty_space height=»15&#8243;][/vc_column_inner][/vc_row_inner][/vc_column][vc_column width=»1/12&#8243;][/vc_column][/vc_row][vc_row][vc_column offset=»vc_hidden-sm vc_hidden-xs»][vc_empty_space height=»100&#8243;][/vc_column][/vc_row]
