{"id":4536,"date":"2019-05-20T17:12:24","date_gmt":"2019-05-20T17:12:24","guid":{"rendered":"http:\/\/212.129.56.154\/vip\/"},"modified":"2019-05-21T08:10:13","modified_gmt":"2019-05-21T08:10:13","slug":"vip","status":"publish","type":"page","link":"https:\/\/www.bachcelona.com\/es\/vip\/","title":{"rendered":"VIP"},"content":{"rendered":"[vc_row full_width=\u00bbstretch_row_content_no_spaces\u00bb ult_hide_row=\u00bbult_hide_row_value\u00bb ult_hide_row_large_screen=\u00bblarge_screen\u00bb ult_hide_row_desktop=\u00bbdesktop\u00bb ult_hide_row_tablet=\u00bbtablet\u00bb ult_hide_row_tablet_small=\u00bbxs_tablet\u00bb css=\u00bb.vc_custom_1557219083387{padding-top: px !important;padding-right: 0px !important;padding-bottom: 2px !important;background-color: #ed8c09 !important;}\u00bb][vc_column offset=\u00bbvc_hidden-lg vc_hidden-md\u00bb][vc_column_text css=\u00bb.vc_custom_1558426157424{padding-top: 6px !important;padding-bottom: 6px !important;background-color: rgba(0,0,0,0.01) !important;*background-color: rgb(0,0,0) !important;}\u00bb]\n<h5 style=\"text-align: center;\"><span style=\"color: #ffffff;\"><span style=\"color: #000000;\"><span style=\"color: #ffffff;\"><a style=\"color: #ffffff;\" href=\"http:\/\/www.bachcelona.com\/vip\/\">CAT<\/a><\/span>\u00a0<\/span><\/span><span style=\"color: #ff00ff;\"><span style=\"color: #ffffff;\"> |\u00a0<\/span>\u00a0<\/span>CAS<span style=\"color: #ff00ff;\"><span style=\"color: #ffffff;\">| \u00a0<\/span><\/span><span style=\"color: #ffffff;\"><a style=\"color: #ffffff;\" href=\"http:\/\/www.bachcelona.com\/en\/vip\">ENG<\/a><\/span><\/h5>\n[\/vc_column_text][\/vc_column][\/vc_row][vc_row full_width=\u00bbstretch_row_content_no_spaces\u00bb ult_hide_row=\u00bbult_hide_row_value\u00bb ult_hide_row_tablet=\u00bbtablet\u00bb ult_hide_row_tablet_small=\u00bbxs_tablet\u00bb ult_hide_row_mobile=\u00bbmobile\u00bb ult_hide_row_mobile_large=\u00bbxl_mobile\u00bb css=\u00bb.vc_custom_1557318434914{background-color: #ed8c09 !important;}\u00bb][vc_column offset=\u00bbvc_hidden-xs\u00bb][vc_column_text css=\u00bb.vc_custom_1558426208335{padding-top: 6px !important;padding-right: 35px !important;padding-bottom: 6px !important;background-color: rgba(255,255,255,0.01) !important;*background-color: rgb(255,255,255) !important;}\u00bb]\n<h5 style=\"text-align: right;\"><span style=\"color: #ffffff;\"><span style=\"color: #000000;\"><span style=\"color: #ffffff;\"><a style=\"color: #ffffff;\" href=\"http:\/\/www.bachcelona.com\/vip\/\">CAT<\/a><\/span>\u00a0<\/span><\/span><span style=\"color: #ff00ff;\"><span style=\"color: #ffffff;\"> |\u00a0<\/span>\u00a0<\/span><span style=\"color: #000000;\">CAS<\/span><span style=\"color: #ff00ff;\"><span style=\"color: #ffffff;\">| \u00a0<\/span><\/span><span style=\"color: #ffffff;\"><a style=\"color: #ffffff;\" href=\"http:\/\/www.bachcelona.com\/en\/vip\">ENG<\/a><\/span><\/h5>\n[\/vc_column_text][\/vc_column][\/vc_row][vc_row css=\u00bb.vc_custom_1558418937348{background-color: rgba(255,255,255,0.01) !important;*background-color: rgb(255,255,255) !important;}\u00bb][vc_column][vc_empty_space height=\u00bb100&#8243;][vc_column_text]\n<h1><strong>Entradas VIP (Viu Intensament de Prop)<\/strong><\/h1>\n<p>Estos conciertos disponen de entradas reservadas para poder vivir el concierto en la mejor localidad.[\/vc_column_text][vc_empty_space height=\u00bb30&#8243;][vc_single_image image=\u00bb4471&#8243; img_size=\u00bbfull\u00bb][vc_empty_space height=\u00bb25&#8243;][\/vc_column][\/vc_row][vc_row css=\u00bb.vc_custom_1558418945837{background-color: rgba(255,255,255,0.01) !important;*background-color: rgb(255,255,255) !important;}\u00bb][vc_column width=\u00bb3\/4&#8243;][vc_empty_space height=\u00bb30&#8243;][vc_column_text]Jueves 6 de Junio, 20.00 h: <strong>AHORA VA DE BACH<\/strong> Cata del Festival en el CCCB<br \/>\n[\/vc_column_text][\/vc_column][vc_column width=\u00bb1\/4&#8243;][\/vc_column][\/vc_row][vc_row css=\u00bb.vc_custom_1558418945837{background-color: rgba(255,255,255,0.01) !important;*background-color: rgb(255,255,255) !important;}\u00bb][vc_column width=\u00bb3\/4&#8243;][vc_empty_space height=\u00bb30&#8243;][vc_column_text]Mi\u00e9rcoles 8 de Julio, 19.00 h:<strong> BACH DE C\u00c1MARA (I)<\/strong> Shunske Sato en Sant Pau[\/vc_column_text][\/vc_column][vc_column width=\u00bb1\/4&#8243;][\/vc_column][\/vc_row][vc_row css=\u00bb.vc_custom_1558418945837{background-color: rgba(255,255,255,0.01) !important;*background-color: rgb(255,255,255) !important;}\u00bb][vc_column width=\u00bb3\/4&#8243;][vc_empty_space height=\u00bb30&#8243;][vc_column_text]Viernes 19 de Julio, 18.30 h: <strong>BACH DOM\u00c9STICO<\/strong> H\u00e4ndel rom\u00e1ntico[\/vc_column_text][\/vc_column][vc_column width=\u00bb1\/4&#8243;][\/vc_column][\/vc_row][vc_row css=\u00bb.vc_custom_1558418945837{background-color: rgba(255,255,255,0.01) !important;*background-color: rgb(255,255,255) !important;}\u00bb][vc_column width=\u00bb3\/4&#8243;][vc_empty_space height=\u00bb30&#8243;][vc_column_text]S\u00e1bado 20 de Julio, 18.00 h:<strong> BACH DE C\u00c1MARA (II)<\/strong> Petra M\u00fcllejans en Sant Pau[\/vc_column_text][\/vc_column][vc_column width=\u00bb1\/4&#8243;][\/vc_column][\/vc_row][vc_row css=\u00bb.vc_custom_1558418945837{background-color: rgba(255,255,255,0.01) !important;*background-color: rgb(255,255,255) !important;}\u00bb][vc_column width=\u00bb3\/4&#8243;][vc_empty_space height=\u00bb30&#8243;][vc_column_text]Domingo 21 de Julio, 20.00 h: <strong>SAMBACH<\/strong> Fusi\u00f3n de Bach y m\u00fasica brasile\u00f1a[\/vc_column_text][\/vc_column][vc_column width=\u00bb1\/4&#8243;][\/vc_column][\/vc_row][vc_row][vc_column][vc_empty_space height=\u00bb20px\u00bb][\/vc_column][\/vc_row]\n","protected":false},"excerpt":{"rendered":"<p>[vc_row full_width=\u00bbstretch_row_content_no_spaces\u00bb ult_hide_row=\u00bbult_hide_row_value\u00bb ult_hide_row_large_screen=\u00bblarge_screen\u00bb ult_hide_row_desktop=\u00bbdesktop\u00bb ult_hide_row_tablet=\u00bbtablet\u00bb ult_hide_row_tablet_small=\u00bbxs_tablet\u00bb css=\u00bb.vc_custom_1557219083387{padding-top: px !important;padding-right: 0px !important;padding-bottom: 2px !important;background-color: #ed8c09 !important;}\u00bb][vc_column offset=\u00bbvc_hidden-lg vc_hidden-md\u00bb][vc_column_text css=\u00bb.vc_custom_1558426157424{padding-top: 6px !important;padding-bottom: 6px !important;background-color: rgba(0,0,0,0.01) !important;*background-color: rgb(0,0,0) !important;}\u00bb] CAT\u00a0 |\u00a0\u00a0CAS| \u00a0ENG [\/vc_column_text][\/vc_column][\/vc_row][vc_row full_width=\u00bbstretch_row_content_no_spaces\u00bb ult_hide_row=\u00bbult_hide_row_value\u00bb ult_hide_row_tablet=\u00bbtablet\u00bb ult_hide_row_tablet_small=\u00bbxs_tablet\u00bb ult_hide_row_mobile=\u00bbmobile\u00bb ult_hide_row_mobile_large=\u00bbxl_mobile\u00bb css=\u00bb.vc_custom_1557318434914{background-color: #ed8c09 !important;}\u00bb][vc_column offset=\u00bbvc_hidden-xs\u00bb][vc_column_text css=\u00bb.vc_custom_1558426208335{padding-top: 6px !important;padding-right: 35px !important;padding-bottom: 6px !important;background-color: rgba(255,255,255,0.01) !important;*background-color: rgb(255,255,255) !important;}\u00bb] CAT\u00a0 |\u00a0\u00a0CAS| \u00a0ENG [&hellip;]<\/p>\n","protected":false},"author":1,"featured_media":0,"parent":0,"menu_order":19,"comment_status":"open","ping_status":"closed","template":"","meta":[],"aioseo_notices":[],"_links":{"self":[{"href":"https:\/\/www.bachcelona.com\/es\/wp-json\/wp\/v2\/pages\/4536"}],"collection":[{"href":"https:\/\/www.bachcelona.com\/es\/wp-json\/wp\/v2\/pages"}],"about":[{"href":"https:\/\/www.bachcelona.com\/es\/wp-json\/wp\/v2\/types\/page"}],"author":[{"embeddable":true,"href":"https:\/\/www.bachcelona.com\/es\/wp-json\/wp\/v2\/users\/1"}],"replies":[{"embeddable":true,"href":"https:\/\/www.bachcelona.com\/es\/wp-json\/wp\/v2\/comments?post=4536"}],"version-history":[{"count":2,"href":"https:\/\/www.bachcelona.com\/es\/wp-json\/wp\/v2\/pages\/4536\/revisions"}],"predecessor-version":[{"id":4661,"href":"https:\/\/www.bachcelona.com\/es\/wp-json\/wp\/v2\/pages\/4536\/revisions\/4661"}],"wp:attachment":[{"href":"https:\/\/www.bachcelona.com\/es\/wp-json\/wp\/v2\/media?parent=4536"}],"curies":[{"name":"wp","href":"https:\/\/api.w.org\/{rel}","templated":true}]}}

[vc_row full_width=»stretch_row_content_no_spaces» ult_hide_row=»ult_hide_row_value» ult_hide_row_large_screen=»large_screen» ult_hide_row_desktop=»desktop» ult_hide_row_tablet=»tablet» ult_hide_row_tablet_small=»xs_tablet» css=».vc_custom_1557219083387{padding-top: px !important;padding-right: 0px !important;padding-bottom: 2px !important;background-color: #ed8c09 !important;}»][vc_column offset=»vc_hidden-lg vc_hidden-md»][vc_column_text css=».vc_custom_1558426157424{padding-top: 6px !important;padding-bottom: 6px !important;background-color: rgba(0,0,0,0.01) !important;*background-color: rgb(0,0,0) !important;}»]
<h5 style="text-align: center;"><span style="color: #ffffff;"><span style="color: #000000;"><span style="color: #ffffff;"><a style="color: #ffffff;" href="http://www.bachcelona.com/vip/">CAT</a></span> </span></span><span style="color: #ff00ff;"><span style="color: #ffffff;"> | </span> </span>CAS<span style="color: #ff00ff;"><span style="color: #ffffff;">|  </span></span><span style="color: #ffffff;"><a style="color: #ffffff;" href="http://www.bachcelona.com/en/vip">ENG</a></span></h5>
[/vc_column_text][/vc_column][/vc_row][vc_row full_width=»stretch_row_content_no_spaces» ult_hide_row=»ult_hide_row_value» ult_hide_row_tablet=»tablet» ult_hide_row_tablet_small=»xs_tablet» ult_hide_row_mobile=»mobile» ult_hide_row_mobile_large=»xl_mobile» css=».vc_custom_1557318434914{background-color: #ed8c09 !important;}»][vc_column offset=»vc_hidden-xs»][vc_column_text css=».vc_custom_1558426208335{padding-top: 6px !important;padding-right: 35px !important;padding-bottom: 6px !important;background-color: rgba(255,255,255,0.01) !important;*background-color: rgb(255,255,255) !important;}»]
<h5 style="text-align: right;"><span style="color: #ffffff;"><span style="color: #000000;"><span style="color: #ffffff;"><a style="color: #ffffff;" href="http://www.bachcelona.com/vip/">CAT</a></span> </span></span><span style="color: #ff00ff;"><span style="color: #ffffff;"> | </span> </span><span style="color: #000000;">CAS</span><span style="color: #ff00ff;"><span style="color: #ffffff;">|  </span></span><span style="color: #ffffff;"><a style="color: #ffffff;" href="http://www.bachcelona.com/en/vip">ENG</a></span></h5>
[/vc_column_text][/vc_column][/vc_row][vc_row css=».vc_custom_1558418937348{background-color: rgba(255,255,255,0.01) !important;*background-color: rgb(255,255,255) !important;}»][vc_column][vc_empty_space height=»100&#8243;][vc_column_text]
<h1><strong>Entradas VIP (Viu Intensament de Prop)</strong></h1>
<p>Estos conciertos disponen de entradas reservadas para poder vivir el concierto en la mejor localidad.[/vc_column_text][vc_empty_space height=»30&#8243;][vc_single_image image=»4471&#8243; img_size=»full»][vc_empty_space height=»25&#8243;][/vc_column][/vc_row][vc_row css=».vc_custom_1558418945837{background-color: rgba(255,255,255,0.01) !important;*background-color: rgb(255,255,255) !important;}»][vc_column width=»3/4&#8243;][vc_empty_space height=»30&#8243;][vc_column_text]Jueves 6 de Junio, 20.00 h: <strong>AHORA VA DE BACH</strong> Cata del Festival en el CCCB<br />
[/vc_column_text][/vc_column][vc_column width=»1/4&#8243;][/vc_column][/vc_row][vc_row css=».vc_custom_1558418945837{background-color: rgba(255,255,255,0.01) !important;*background-color: rgb(255,255,255) !important;}»][vc_column width=»3/4&#8243;][vc_empty_space height=»30&#8243;][vc_column_text]Miércoles 8 de Julio, 19.00 h:<strong> BACH DE CÁMARA (I)</strong> Shunske Sato en Sant Pau[/vc_column_text][/vc_column][vc_column width=»1/4&#8243;][/vc_column][/vc_row][vc_row css=».vc_custom_1558418945837{background-color: rgba(255,255,255,0.01) !important;*background-color: rgb(255,255,255) !important;}»][vc_column width=»3/4&#8243;][vc_empty_space height=»30&#8243;][vc_column_text]Viernes 19 de Julio, 18.30 h: <strong>BACH DOMÉSTICO</strong> Händel romántico[/vc_column_text][/vc_column][vc_column width=»1/4&#8243;][/vc_column][/vc_row][vc_row css=».vc_custom_1558418945837{background-color: rgba(255,255,255,0.01) !important;*background-color: rgb(255,255,255) !important;}»][vc_column width=»3/4&#8243;][vc_empty_space height=»30&#8243;][vc_column_text]Sábado 20 de Julio, 18.00 h:<strong> BACH DE CÁMARA (II)</strong> Petra Müllejans en Sant Pau[/vc_column_text][/vc_column][vc_column width=»1/4&#8243;][/vc_column][/vc_row][vc_row css=».vc_custom_1558418945837{background-color: rgba(255,255,255,0.01) !important;*background-color: rgb(255,255,255) !important;}»][vc_column width=»3/4&#8243;][vc_empty_space height=»30&#8243;][vc_column_text]Domingo 21 de Julio, 20.00 h: <strong>SAMBACH</strong> Fusión de Bach y música brasileña[/vc_column_text][/vc_column][vc_column width=»1/4&#8243;][/vc_column][/vc_row][vc_row][vc_column][vc_empty_space height=»20px»][/vc_column][/vc_row]
