{"id":12878,"date":"2025-12-11T20:22:07","date_gmt":"2025-12-11T20:22:07","guid":{"rendered":"https:\/\/www.bachcelona.com\/itamar-hildesheim\/"},"modified":"2025-12-11T20:22:08","modified_gmt":"2025-12-11T20:22:08","slug":"itamar-hildesheim","status":"publish","type":"page","link":"https:\/\/www.bachcelona.com\/es\/itamar-hildesheim\/","title":{"rendered":"Itamar Hildesheim"},"content":{"rendered":"[vc_row full_width=\u00bbstretch_row_content_no_spaces\u00bb css=\u00bb.vc_custom_1612202897517{margin-bottom: 0px !important;padding-top: px !important;padding-right: 0px !important;padding-bottom: 0px !important;}\u00bb el_class=\u00bbbar-language\u00bb][vc_column css=\u00bb.vc_custom_1612180406598{margin-bottom: 0px !important;padding-top: 0px !important;padding-bottom: 0px !important;}\u00bb offset=\u00bbvc_hidden-lg vc_hidden-md vc_hidden-sm vc_col-xs-12&#8243;][vc_custom_heading text=\u00bb`{`wpml_language_selector_widget`}`\u00bb font_container=\u00bbtag:h5|font_size:12px|text_align:center\u00bb use_theme_fonts=\u00bbyes\u00bb css=\u00bb.vc_custom_1612180415270{margin-bottom: 0px !important;padding-top: 5px !important;padding-bottom: 5px !important;}\u00bb][\/vc_column][\/vc_row][vc_row full_width=\u00bbstretch_row_content_no_spaces\u00bb css=\u00bb.vc_custom_1612202884352{margin-bottom: 0px !important;padding-top: px !important;padding-right: 0px !important;padding-bottom: 0px !important;}\u00bb el_class=\u00bbbar-language\u00bb][vc_column css=\u00bb.vc_custom_1612180516486{margin-bottom: 0px !important;padding-top: 0px !important;padding-right: 32px !important;padding-bottom: 0px !important;}\u00bb offset=\u00bbvc_col-xs-12 vc_hidden-xs\u00bb][vc_custom_heading text=\u00bb`{`wpml_language_selector_widget`}`\u00bb font_container=\u00bbtag:h5|font_size:12px|text_align:right\u00bb use_theme_fonts=\u00bbyes\u00bb css=\u00bb.vc_custom_1612179881970{margin-bottom: 0px !important;padding-top: 5px !important;padding-bottom: 5px !important;}\u00bb][\/vc_column][\/vc_row][vc_row][vc_column offset=\u00bbvc_hidden-xs\u00bb][vc_empty_space height=\u00bb75&#8243;][\/vc_column][\/vc_row][vc_row full_width=\u00bbstretch_row_content_no_spaces\u00bb gap=\u00bb35&#8243; css=\u00bb.vc_custom_1584650599547{margin-top: 0px !important;padding-right: 0px !important;}\u00bb][vc_column width=\u00bb1\/12&#8243; css=\u00bb.vc_custom_1584650160678{margin-top: 0px !important;}\u00bb][\/vc_column][vc_column width=\u00bb4\/12&#8243; offset=\u00bbvc_col-lg-offset-0 vc_col-md-offset-0 vc_col-sm-offset-0&#8243;][vc_single_image image=\u00bb12856&#8243; img_size=\u00bbfull\u00bb alignment=\u00bbcenter\u00bb css=\u00bb.vc_custom_1765402682050{margin-top: 0px !important;}\u00bb][vc_raw_html][\/vc_raw_html][\/vc_column][vc_column width=\u00bb6\/12&#8243;][vc_row_inner][vc_column_inner width=\u00bb1\/12&#8243;][\/vc_column_inner][vc_column_inner width=\u00bb11\/12&#8243;][vc_column_text css=\u00bb.vc_custom_1765402441388{margin-top: 15px !important;}\u00bb]\n<h2>Itamar Hildesheim, <em>tenor<\/em><\/h2>\n<p>Itamar Hildesheim complet\u00f3 su m\u00e1ster en la Universidad Mozarteum de Salzburgo, donde estudi\u00f3 con el Prof. Christoph Strehl, la Prof. Pauliina Tukiainen y el Prof. Andreas Schmidt. Anteriormente hab\u00eda estudiado en la Universidad de M\u00fasica y Teatro de Rostock con la Prof. Karola Theill y el Prof. Klaus H\u00e4ger, y curs\u00f3 sus estudios de grado en la Jerusalem Academy of Music and Dance, donde trabaj\u00f3 con Jeffrey Francis y el Dr. Ido Ariel.<\/p>\n<p>Ha actuado en destacados festivales europeos, entre ellos el Bach Festival Leipzig, el Th\u00fcringen Bach Festival, el Bach25 Festival de Koblenz y LIEDBasel25, donde fue beneficiario de una beca. A pesar de su juventud, ya se ha presentado en espacios como el Concertgebouw de \u00c1msterdam, la Thomaskirche y la Nikolaikirche de Leipzig, la Catedral de Salzburgo y con la Filarm\u00f3nica de Israel.<\/p>\n<p>Ha colaborado con artistas de renombre como Lionel Meunier, Philippe Pierlot, Peter Whelan, Gy\u00f6rgy Vashegyi y Anne Le Bozec. Es un invitado habitual de la Jerusalem Baroque Orchestra y del Vokalensemble del Mozarteum.<\/p>\n<p>Durante la temporada 2025\/26 actuar\u00e1 con Le Nuove Musiche en la Filarm\u00f3nica Eslovaca, dentro de una gira europea. Interpretar\u00e1 la parte de Evangelista del Oratorio de Navidad de Bach en la Catedral de Ulm y en la Rosery Cathedral de Berl\u00edn, y grabar\u00e1 un CD con repertorio barroco recientemente redescubierto junto con la Jerusalem Baroque Orchestra. Asimismo, debutar\u00e1 en Londres actuando en el SongEasel Song Festival junto a la pianista Jocelyn Freeman.[\/vc_column_text][vc_empty_space height=\u00bb15&#8243;][\/vc_column_inner][\/vc_row_inner][\/vc_column][vc_column width=\u00bb1\/12&#8243;][\/vc_column][\/vc_row][vc_row][vc_column offset=\u00bbvc_hidden-sm vc_hidden-xs\u00bb][vc_empty_space height=\u00bb100&#8243;][\/vc_column][\/vc_row]\n","protected":false},"excerpt":{"rendered":"<p>[vc_row full_width=\u00bbstretch_row_content_no_spaces\u00bb css=\u00bb.vc_custom_1612202897517{margin-bottom: 0px !important;padding-top: px !important;padding-right: 0px !important;padding-bottom: 0px !important;}\u00bb el_class=\u00bbbar-language\u00bb][vc_column css=\u00bb.vc_custom_1612180406598{margin-bottom: 0px !important;padding-top: 0px !important;padding-bottom: 0px !important;}\u00bb offset=\u00bbvc_hidden-lg vc_hidden-md vc_hidden-sm vc_col-xs-12&#8243;][vc_custom_heading text=\u00bb`{`wpml_language_selector_widget`}`\u00bb font_container=\u00bbtag:h5|font_size:12px|text_align:center\u00bb use_theme_fonts=\u00bbyes\u00bb css=\u00bb.vc_custom_1612180415270{margin-bottom: 0px !important;padding-top: 5px !important;padding-bottom: 5px !important;}\u00bb][\/vc_column][\/vc_row][vc_row full_width=\u00bbstretch_row_content_no_spaces\u00bb css=\u00bb.vc_custom_1612202884352{margin-bottom: 0px !important;padding-top: px !important;padding-right: 0px !important;padding-bottom: 0px !important;}\u00bb el_class=\u00bbbar-language\u00bb][vc_column css=\u00bb.vc_custom_1612180516486{margin-bottom: 0px !important;padding-top: 0px !important;padding-right: 32px !important;padding-bottom: 0px !important;}\u00bb offset=\u00bbvc_col-xs-12 vc_hidden-xs\u00bb][vc_custom_heading [&hellip;]<\/p>\n","protected":false},"author":1,"featured_media":0,"parent":0,"menu_order":1,"comment_status":"open","ping_status":"closed","template":"","meta":[],"aioseo_notices":[],"_links":{"self":[{"href":"https:\/\/www.bachcelona.com\/es\/wp-json\/wp\/v2\/pages\/12878"}],"collection":[{"href":"https:\/\/www.bachcelona.com\/es\/wp-json\/wp\/v2\/pages"}],"about":[{"href":"https:\/\/www.bachcelona.com\/es\/wp-json\/wp\/v2\/types\/page"}],"author":[{"embeddable":true,"href":"https:\/\/www.bachcelona.com\/es\/wp-json\/wp\/v2\/users\/1"}],"replies":[{"embeddable":true,"href":"https:\/\/www.bachcelona.com\/es\/wp-json\/wp\/v2\/comments?post=12878"}],"version-history":[{"count":3,"href":"https:\/\/www.bachcelona.com\/es\/wp-json\/wp\/v2\/pages\/12878\/revisions"}],"predecessor-version":[{"id":12881,"href":"https:\/\/www.bachcelona.com\/es\/wp-json\/wp\/v2\/pages\/12878\/revisions\/12881"}],"wp:attachment":[{"href":"https:\/\/www.bachcelona.com\/es\/wp-json\/wp\/v2\/media?parent=12878"}],"curies":[{"name":"wp","href":"https:\/\/api.w.org\/{rel}","templated":true}]}}

[vc_row full_width=»stretch_row_content_no_spaces» css=».vc_custom_1612202897517{margin-bottom: 0px !important;padding-top: px !important;padding-right: 0px !important;padding-bottom: 0px !important;}» el_class=»bar-language»][vc_column css=».vc_custom_1612180406598{margin-bottom: 0px !important;padding-top: 0px !important;padding-bottom: 0px !important;}» offset=»vc_hidden-lg vc_hidden-md vc_hidden-sm vc_col-xs-12&#8243;][vc_custom_heading text=»`{`wpml_language_selector_widget`}`» font_container=»tag:h5|font_size:12px|text_align:center» use_theme_fonts=»yes» css=».vc_custom_1612180415270{margin-bottom: 0px !important;padding-top: 5px !important;padding-bottom: 5px !important;}»][/vc_column][/vc_row][vc_row full_width=»stretch_row_content_no_spaces» css=».vc_custom_1612202884352{margin-bottom: 0px !important;padding-top: px !important;padding-right: 0px !important;padding-bottom: 0px !important;}» el_class=»bar-language»][vc_column css=».vc_custom_1612180516486{margin-bottom: 0px !important;padding-top: 0px !important;padding-right: 32px !important;padding-bottom: 0px !important;}» offset=»vc_col-xs-12 vc_hidden-xs»][vc_custom_heading text=»`{`wpml_language_selector_widget`}`» font_container=»tag:h5|font_size:12px|text_align:right» use_theme_fonts=»yes» css=».vc_custom_1612179881970{margin-bottom: 0px !important;padding-top: 5px !important;padding-bottom: 5px !important;}»][/vc_column][/vc_row][vc_row][vc_column offset=»vc_hidden-xs»][vc_empty_space height=»75&#8243;][/vc_column][/vc_row][vc_row full_width=»stretch_row_content_no_spaces» gap=»35&#8243; css=».vc_custom_1584650599547{margin-top: 0px !important;padding-right: 0px !important;}»][vc_column width=»1/12&#8243; css=».vc_custom_1584650160678{margin-top: 0px !important;}»][/vc_column][vc_column width=»4/12&#8243; offset=»vc_col-lg-offset-0 vc_col-md-offset-0 vc_col-sm-offset-0&#8243;][vc_single_image image=»12856&#8243; img_size=»full» alignment=»center» css=».vc_custom_1765402682050{margin-top: 0px !important;}»][vc_raw_html][/vc_raw_html][/vc_column][vc_column width=»6/12&#8243;][vc_row_inner][vc_column_inner width=»1/12&#8243;][/vc_column_inner][vc_column_inner width=»11/12&#8243;][vc_column_text css=».vc_custom_1765402441388{margin-top: 15px !important;}»]
<h2>Itamar Hildesheim, <em>tenor</em></h2>
<p>Itamar Hildesheim completó su máster en la Universidad Mozarteum de Salzburgo, donde estudió con el Prof. Christoph Strehl, la Prof. Pauliina Tukiainen y el Prof. Andreas Schmidt. Anteriormente había estudiado en la Universidad de Música y Teatro de Rostock con la Prof. Karola Theill y el Prof. Klaus Häger, y cursó sus estudios de grado en la Jerusalem Academy of Music and Dance, donde trabajó con Jeffrey Francis y el Dr. Ido Ariel.</p>
<p>Ha actuado en destacados festivales europeos, entre ellos el Bach Festival Leipzig, el Thüringen Bach Festival, el Bach25 Festival de Koblenz y LIEDBasel25, donde fue beneficiario de una beca. A pesar de su juventud, ya se ha presentado en espacios como el Concertgebouw de Ámsterdam, la Thomaskirche y la Nikolaikirche de Leipzig, la Catedral de Salzburgo y con la Filarmónica de Israel.</p>
<p>Ha colaborado con artistas de renombre como Lionel Meunier, Philippe Pierlot, Peter Whelan, György Vashegyi y Anne Le Bozec. Es un invitado habitual de la Jerusalem Baroque Orchestra y del Vokalensemble del Mozarteum.</p>
<p>Durante la temporada 2025/26 actuará con Le Nuove Musiche en la Filarmónica Eslovaca, dentro de una gira europea. Interpretará la parte de Evangelista del Oratorio de Navidad de Bach en la Catedral de Ulm y en la Rosery Cathedral de Berlín, y grabará un CD con repertorio barroco recientemente redescubierto junto con la Jerusalem Baroque Orchestra. Asimismo, debutará en Londres actuando en el SongEasel Song Festival junto a la pianista Jocelyn Freeman.[/vc_column_text][vc_empty_space height=»15&#8243;][/vc_column_inner][/vc_row_inner][/vc_column][vc_column width=»1/12&#8243;][/vc_column][/vc_row][vc_row][vc_column offset=»vc_hidden-sm vc_hidden-xs»][vc_empty_space height=»100&#8243;][/vc_column][/vc_row]
