{"id":10342,"date":"2023-01-27T19:07:42","date_gmt":"2023-01-27T19:07:42","guid":{"rendered":"https:\/\/www.bachcelona.com\/timothy-edlin\/"},"modified":"2025-12-11T21:26:19","modified_gmt":"2025-12-11T21:26:19","slug":"timothy-edlin","status":"publish","type":"page","link":"https:\/\/www.bachcelona.com\/es\/timothy-edlin\/","title":{"rendered":"Timothy Edlin"},"content":{"rendered":"[vc_row full_width=\u00bbstretch_row_content_no_spaces\u00bb css=\u00bb.vc_custom_1612202897517{margin-bottom: 0px !important;padding-top: px !important;padding-right: 0px !important;padding-bottom: 0px !important;}\u00bb el_class=\u00bbbar-language\u00bb][vc_column css=\u00bb.vc_custom_1612180406598{margin-bottom: 0px !important;padding-top: 0px !important;padding-bottom: 0px !important;}\u00bb offset=\u00bbvc_hidden-lg vc_hidden-md vc_hidden-sm vc_col-xs-12&#8243;][vc_custom_heading text=\u00bb`{`wpml_language_selector_widget`}`\u00bb font_container=\u00bbtag:h5|font_size:12px|text_align:center\u00bb use_theme_fonts=\u00bbyes\u00bb css=\u00bb.vc_custom_1612180415270{margin-bottom: 0px !important;padding-top: 5px !important;padding-bottom: 5px !important;}\u00bb][\/vc_column][\/vc_row][vc_row full_width=\u00bbstretch_row_content_no_spaces\u00bb css=\u00bb.vc_custom_1612202884352{margin-bottom: 0px !important;padding-top: px !important;padding-right: 0px !important;padding-bottom: 0px !important;}\u00bb el_class=\u00bbbar-language\u00bb][vc_column css=\u00bb.vc_custom_1612180516486{margin-bottom: 0px !important;padding-top: 0px !important;padding-right: 32px !important;padding-bottom: 0px !important;}\u00bb offset=\u00bbvc_col-xs-12 vc_hidden-xs\u00bb][vc_custom_heading text=\u00bb`{`wpml_language_selector_widget`}`\u00bb font_container=\u00bbtag:h5|font_size:12px|text_align:right\u00bb use_theme_fonts=\u00bbyes\u00bb css=\u00bb.vc_custom_1612179881970{margin-bottom: 0px !important;padding-top: 5px !important;padding-bottom: 5px !important;}\u00bb][\/vc_column][\/vc_row][vc_row][vc_column offset=\u00bbvc_hidden-xs\u00bb][vc_empty_space height=\u00bb75&#8243;][\/vc_column][\/vc_row][vc_row full_width=\u00bbstretch_row_content_no_spaces\u00bb gap=\u00bb35&#8243; css=\u00bb.vc_custom_1584650599547{margin-top: 0px !important;padding-right: 0px !important;}\u00bb][vc_column width=\u00bb1\/12&#8243; css=\u00bb.vc_custom_1584650160678{margin-top: 0px !important;}\u00bb][\/vc_column][vc_column width=\u00bb4\/12&#8243; offset=\u00bbvc_col-lg-offset-0 vc_col-md-offset-0 vc_col-sm-offset-0&#8243;][vc_single_image image=\u00bb10294&#8243; img_size=\u00bbfull\u00bb alignment=\u00bbcenter\u00bb css=\u00bb.vc_custom_1674824625090{margin-top: 0px !important;}\u00bb][vc_raw_html][\/vc_raw_html][\/vc_column][vc_column width=\u00bb6\/12&#8243;][vc_row_inner][vc_column_inner width=\u00bb1\/12&#8243;][\/vc_column_inner][vc_column_inner width=\u00bb11\/12&#8243;][vc_column_text css=\u00bb.vc_custom_1717048637731{margin-top: 15px !important;}\u00bb]\n<h2>Timothy Edlin, <em>baix<\/em><\/h2>\n<p>El bajo-bar\u00edtono ingl\u00e9s Timothy Edlin comenz\u00f3 su formaci\u00f3n musical como corista en la catedral de Canterbury antes de continuar sus estudios en la Universidad de Manchester y luego en el Royal College of Music de Londres. Es miembro reciente del OpernStudio NRW, con el que ha interpretado papeles principales en teatros de \u00f3pera de toda Renania del Norte-Westfalia, como: Theater Dortmund, Aalto Theater Essen, Oper Wuppertal y Gelsenkirchen Musiktheater Im Revier. Entre sus papeles oper\u00edsticos se encuentran Il Sagrestano (Tosca) y Borella (Die Stumme von Portici) en la \u00d3pera de Dortmund; Sprecher y 2. Geharnischter (Die Zauberfl\u00f6te), Johann (Werther), Reinmar (Tannhauser), Antonio (Le Nozze di Figaro) y Araldo (Il Canto s\u2019attrista, perch\u00e9? de Salvatore Sciarrino), con la \u00d3pera de Wuppertal; Achilla (Giulio Cesare de H\u00e4ndel) y el papel principal de Il Re Teodoro de Paisiello en Venecia con el MiR de Gelsenkirchen; Petrucci (Lucrezia Borgia de Donizetti) con el Aalto Theater Essen; Bottom (A Midsummer Night\u2019s Dream) para el RCMIOS, as\u00ed como Snug para la \u00d3pera de Neville Holt; Oficial y Arturo (El faro de Peter Maxwell Davies) y Tej\u00f3n\/Sacerdote (La zorrita astuta) para RCMIOS; Il Re (Aridante) y Teobaldo (Faramondo) con el Festival de Haendel de Londres; El diablo (El novio que desaparece de Judith Weir) y Calib\u00e1n (La isla encantada de Jeremy Sams) con la \u00d3pera Juvenil Brit\u00e1nica, y tambi\u00e9n Colline (La Boh\u00e8me) con el Festival de Artes de Rye.<\/p>\n<p>Como cantante de Conciertos, Oratorios y Lied, Timothy ha actuado en numerosos lugares de prestigio, incluyendo el Wigmore Hall, la Capilla del King\u2019s College de Cambridge, as\u00ed como apareciendo en directo en Radio 3 desde los estudios de la BBC. Otros aspectos destacados incluyen la interpretaci\u00f3n de \u00abF\u00fcrst Igor, Strawinsky\u00bb de Mauricio Kagel con m\u00fasicos de la Orquesta Filarm\u00f3nica de Londres y Foyle Future First en el Royal Festival Hall de Londres, como parte de su temporada Stravinsky en abril de 2018. Tambi\u00e9n fue galardonado con el 1er Premio en el Concurso de Conciertos del Royal College of Music, por lo que regres\u00f3 en noviembre de 2019 para interpretar las \u00abCanciones y Danzas de la Muerte\u00bb de Mussorgsky (orquesta Aho) bajo la batuta de Sir Martyn Brabbins.<\/p>\n<p>Timothy es un cantante activo de canciones y lieder, present\u00e1ndose anteriormente como artista de recital con actuaciones como parte del Festival de Deal y el Festival de Lichfield y recientemente en lugares de toda Alemania.[\/vc_column_text][vc_empty_space height=\u00bb15&#8243;][\/vc_column_inner][\/vc_row_inner][\/vc_column][vc_column width=\u00bb1\/12&#8243;][\/vc_column][\/vc_row][vc_row][vc_column offset=\u00bbvc_hidden-sm vc_hidden-xs\u00bb][vc_empty_space height=\u00bb100&#8243;][\/vc_column][\/vc_row]\n","protected":false},"excerpt":{"rendered":"<p>[vc_row full_width=\u00bbstretch_row_content_no_spaces\u00bb css=\u00bb.vc_custom_1612202897517{margin-bottom: 0px !important;padding-top: px !important;padding-right: 0px !important;padding-bottom: 0px !important;}\u00bb el_class=\u00bbbar-language\u00bb][vc_column css=\u00bb.vc_custom_1612180406598{margin-bottom: 0px !important;padding-top: 0px !important;padding-bottom: 0px !important;}\u00bb offset=\u00bbvc_hidden-lg vc_hidden-md vc_hidden-sm vc_col-xs-12&#8243;][vc_custom_heading text=\u00bb`{`wpml_language_selector_widget`}`\u00bb font_container=\u00bbtag:h5|font_size:12px|text_align:center\u00bb use_theme_fonts=\u00bbyes\u00bb css=\u00bb.vc_custom_1612180415270{margin-bottom: 0px !important;padding-top: 5px !important;padding-bottom: 5px !important;}\u00bb][\/vc_column][\/vc_row][vc_row full_width=\u00bbstretch_row_content_no_spaces\u00bb css=\u00bb.vc_custom_1612202884352{margin-bottom: 0px !important;padding-top: px !important;padding-right: 0px !important;padding-bottom: 0px !important;}\u00bb el_class=\u00bbbar-language\u00bb][vc_column css=\u00bb.vc_custom_1612180516486{margin-bottom: 0px !important;padding-top: 0px !important;padding-right: 32px !important;padding-bottom: 0px !important;}\u00bb offset=\u00bbvc_col-xs-12 vc_hidden-xs\u00bb][vc_custom_heading [&hellip;]<\/p>\n","protected":false},"author":1,"featured_media":0,"parent":0,"menu_order":1,"comment_status":"open","ping_status":"closed","template":"","meta":[],"aioseo_notices":[],"_links":{"self":[{"href":"https:\/\/www.bachcelona.com\/es\/wp-json\/wp\/v2\/pages\/10342"}],"collection":[{"href":"https:\/\/www.bachcelona.com\/es\/wp-json\/wp\/v2\/pages"}],"about":[{"href":"https:\/\/www.bachcelona.com\/es\/wp-json\/wp\/v2\/types\/page"}],"author":[{"embeddable":true,"href":"https:\/\/www.bachcelona.com\/es\/wp-json\/wp\/v2\/users\/1"}],"replies":[{"embeddable":true,"href":"https:\/\/www.bachcelona.com\/es\/wp-json\/wp\/v2\/comments?post=10342"}],"version-history":[{"count":4,"href":"https:\/\/www.bachcelona.com\/es\/wp-json\/wp\/v2\/pages\/10342\/revisions"}],"predecessor-version":[{"id":11828,"href":"https:\/\/www.bachcelona.com\/es\/wp-json\/wp\/v2\/pages\/10342\/revisions\/11828"}],"wp:attachment":[{"href":"https:\/\/www.bachcelona.com\/es\/wp-json\/wp\/v2\/media?parent=10342"}],"curies":[{"name":"wp","href":"https:\/\/api.w.org\/{rel}","templated":true}]}}

[vc_row full_width=»stretch_row_content_no_spaces» css=».vc_custom_1612202897517{margin-bottom: 0px !important;padding-top: px !important;padding-right: 0px !important;padding-bottom: 0px !important;}» el_class=»bar-language»][vc_column css=».vc_custom_1612180406598{margin-bottom: 0px !important;padding-top: 0px !important;padding-bottom: 0px !important;}» offset=»vc_hidden-lg vc_hidden-md vc_hidden-sm vc_col-xs-12&#8243;][vc_custom_heading text=»`{`wpml_language_selector_widget`}`» font_container=»tag:h5|font_size:12px|text_align:center» use_theme_fonts=»yes» css=».vc_custom_1612180415270{margin-bottom: 0px !important;padding-top: 5px !important;padding-bottom: 5px !important;}»][/vc_column][/vc_row][vc_row full_width=»stretch_row_content_no_spaces» css=».vc_custom_1612202884352{margin-bottom: 0px !important;padding-top: px !important;padding-right: 0px !important;padding-bottom: 0px !important;}» el_class=»bar-language»][vc_column css=».vc_custom_1612180516486{margin-bottom: 0px !important;padding-top: 0px !important;padding-right: 32px !important;padding-bottom: 0px !important;}» offset=»vc_col-xs-12 vc_hidden-xs»][vc_custom_heading text=»`{`wpml_language_selector_widget`}`» font_container=»tag:h5|font_size:12px|text_align:right» use_theme_fonts=»yes» css=».vc_custom_1612179881970{margin-bottom: 0px !important;padding-top: 5px !important;padding-bottom: 5px !important;}»][/vc_column][/vc_row][vc_row][vc_column offset=»vc_hidden-xs»][vc_empty_space height=»75&#8243;][/vc_column][/vc_row][vc_row full_width=»stretch_row_content_no_spaces» gap=»35&#8243; css=».vc_custom_1584650599547{margin-top: 0px !important;padding-right: 0px !important;}»][vc_column width=»1/12&#8243; css=».vc_custom_1584650160678{margin-top: 0px !important;}»][/vc_column][vc_column width=»4/12&#8243; offset=»vc_col-lg-offset-0 vc_col-md-offset-0 vc_col-sm-offset-0&#8243;][vc_single_image image=»10294&#8243; img_size=»full» alignment=»center» css=».vc_custom_1674824625090{margin-top: 0px !important;}»][vc_raw_html][/vc_raw_html][/vc_column][vc_column width=»6/12&#8243;][vc_row_inner][vc_column_inner width=»1/12&#8243;][/vc_column_inner][vc_column_inner width=»11/12&#8243;][vc_column_text css=».vc_custom_1717048637731{margin-top: 15px !important;}»]
<h2>Timothy Edlin, <em>baix</em></h2>
<p>El bajo-barítono inglés Timothy Edlin comenzó su formación musical como corista en la catedral de Canterbury antes de continuar sus estudios en la Universidad de Manchester y luego en el Royal College of Music de Londres. Es miembro reciente del OpernStudio NRW, con el que ha interpretado papeles principales en teatros de ópera de toda Renania del Norte-Westfalia, como: Theater Dortmund, Aalto Theater Essen, Oper Wuppertal y Gelsenkirchen Musiktheater Im Revier. Entre sus papeles operísticos se encuentran Il Sagrestano (Tosca) y Borella (Die Stumme von Portici) en la Ópera de Dortmund; Sprecher y 2. Geharnischter (Die Zauberflöte), Johann (Werther), Reinmar (Tannhauser), Antonio (Le Nozze di Figaro) y Araldo (Il Canto s’attrista, perché? de Salvatore Sciarrino), con la Ópera de Wuppertal; Achilla (Giulio Cesare de Händel) y el papel principal de Il Re Teodoro de Paisiello en Venecia con el MiR de Gelsenkirchen; Petrucci (Lucrezia Borgia de Donizetti) con el Aalto Theater Essen; Bottom (A Midsummer Night’s Dream) para el RCMIOS, así como Snug para la Ópera de Neville Holt; Oficial y Arturo (El faro de Peter Maxwell Davies) y Tejón/Sacerdote (La zorrita astuta) para RCMIOS; Il Re (Aridante) y Teobaldo (Faramondo) con el Festival de Haendel de Londres; El diablo (El novio que desaparece de Judith Weir) y Calibán (La isla encantada de Jeremy Sams) con la Ópera Juvenil Británica, y también Colline (La Bohème) con el Festival de Artes de Rye.</p>
<p>Como cantante de Conciertos, Oratorios y Lied, Timothy ha actuado en numerosos lugares de prestigio, incluyendo el Wigmore Hall, la Capilla del King’s College de Cambridge, así como apareciendo en directo en Radio 3 desde los estudios de la BBC. Otros aspectos destacados incluyen la interpretación de «Fürst Igor, Strawinsky» de Mauricio Kagel con músicos de la Orquesta Filarmónica de Londres y Foyle Future First en el Royal Festival Hall de Londres, como parte de su temporada Stravinsky en abril de 2018. También fue galardonado con el 1er Premio en el Concurso de Conciertos del Royal College of Music, por lo que regresó en noviembre de 2019 para interpretar las «Canciones y Danzas de la Muerte» de Mussorgsky (orquesta Aho) bajo la batuta de Sir Martyn Brabbins.</p>
<p>Timothy es un cantante activo de canciones y lieder, presentándose anteriormente como artista de recital con actuaciones como parte del Festival de Deal y el Festival de Lichfield y recientemente en lugares de toda Alemania.[/vc_column_text][vc_empty_space height=»15&#8243;][/vc_column_inner][/vc_row_inner][/vc_column][vc_column width=»1/12&#8243;][/vc_column][/vc_row][vc_row][vc_column offset=»vc_hidden-sm vc_hidden-xs»][vc_empty_space height=»100&#8243;][/vc_column][/vc_row]
