{"id":9408,"date":"2021-12-17T19:31:52","date_gmt":"2021-12-17T19:31:52","guid":{"rendered":"https:\/\/www.bachcelona.com\/rita-morais\/"},"modified":"2025-12-11T21:24:51","modified_gmt":"2025-12-11T21:24:51","slug":"rita-morais","status":"publish","type":"page","link":"https:\/\/www.bachcelona.com\/en\/rita-morais\/","title":{"rendered":"Rita Morais"},"content":{"rendered":"[vc_row full_width=&#8221;stretch_row_content_no_spaces&#8221; css=&#8221;.vc_custom_1612202897517{margin-bottom: 0px !important;padding-top: px !important;padding-right: 0px !important;padding-bottom: 0px !important;}&#8221; el_class=&#8221;bar-language&#8221;][vc_column css=&#8221;.vc_custom_1612180406598{margin-bottom: 0px !important;padding-top: 0px !important;padding-bottom: 0px !important;}&#8221; offset=&#8221;vc_hidden-lg vc_hidden-md vc_hidden-sm vc_col-xs-12&#8243;][vc_custom_heading text=&#8221;`{`wpml_language_selector_widget`}`&#8221; font_container=&#8221;tag:h5|font_size:12px|text_align:center&#8221; use_theme_fonts=&#8221;yes&#8221; css=&#8221;.vc_custom_1612180415270{margin-bottom: 0px !important;padding-top: 5px !important;padding-bottom: 5px !important;}&#8221;][\/vc_column][\/vc_row][vc_row full_width=&#8221;stretch_row_content_no_spaces&#8221; css=&#8221;.vc_custom_1612202884352{margin-bottom: 0px !important;padding-top: px !important;padding-right: 0px !important;padding-bottom: 0px !important;}&#8221; el_class=&#8221;bar-language&#8221;][vc_column css=&#8221;.vc_custom_1612180516486{margin-bottom: 0px !important;padding-top: 0px !important;padding-right: 32px !important;padding-bottom: 0px !important;}&#8221; offset=&#8221;vc_col-xs-12 vc_hidden-xs&#8221;][vc_custom_heading text=&#8221;`{`wpml_language_selector_widget`}`&#8221; font_container=&#8221;tag:h5|font_size:12px|text_align:right&#8221; use_theme_fonts=&#8221;yes&#8221; css=&#8221;.vc_custom_1612179881970{margin-bottom: 0px !important;padding-top: 5px !important;padding-bottom: 5px !important;}&#8221;][\/vc_column][\/vc_row][vc_row][vc_column offset=&#8221;vc_hidden-xs&#8221;][vc_empty_space height=&#8221;75&#8243;][\/vc_column][\/vc_row][vc_row full_width=&#8221;stretch_row_content_no_spaces&#8221; gap=&#8221;35&#8243; css=&#8221;.vc_custom_1584650599547{margin-top: 0px !important;padding-right: 0px !important;}&#8221;][vc_column width=&#8221;1\/12&#8243; css=&#8221;.vc_custom_1584650160678{margin-top: 0px !important;}&#8221;][\/vc_column][vc_column width=&#8221;4\/12&#8243; offset=&#8221;vc_col-lg-offset-0 vc_col-md-offset-0 vc_col-sm-offset-0&#8243;][vc_single_image image=&#8221;9378&#8243; img_size=&#8221;full&#8221; alignment=&#8221;center&#8221; css=&#8221;.vc_custom_1639766625737{margin-top: 0px !important;}&#8221;][vc_raw_html][\/vc_raw_html][\/vc_column][vc_column width=&#8221;6\/12&#8243;][vc_row_inner][vc_column_inner width=&#8221;1\/12&#8243;][\/vc_column_inner][vc_column_inner width=&#8221;11\/12&#8243;][vc_column_text css=&#8221;.vc_custom_1639766088189{margin-top: 15px !important;}&#8221;]\n<h2>Rita Morais, <em>soprano<\/em><\/h2>\n<p>Va n\u00e9ixer a Braga (Portugal), ciutat on va comen\u00e7ar els seus estudis musicals al Conservatori de M\u00fasica Calouste Gulbenkian en viola i cant.<\/p>\n<p>A continuaci\u00f3, es va formar en cant a l&#8217;Escola Superior de M\u00fasica i Arts do Espetaculo (ESMAE) de Porto. Becada per la Fundaci\u00f3 Calouste Gulbenkian de Lisboa (2016-2018) per la Societat d&#8217;Artistes, Int\u00e8rprets i Executants d&#8217;Espanya (2020) i per la Fundaci\u00f3 Vict\u00f2ria dels \u00c0ngels (2020), completa la seva formaci\u00f3 acad\u00e8mica al M\u00e0ster de Lied \u201cVictoria dels \u00c0ngels\u201d de l&#8217;Escola Superior de M\u00fasica de Catalunya.<\/p>\n<p>Regularment realitza concerts i recitals a Portugal i Espanya, col\u00b7laborant amb entitats com Casa da M\u00fasica (Porto, PT), Estudis Victor C\u00f3rdon\/Companhia Nacional de Ballat, Funda\u00e7\u00e3o Calouste Gulbenkian (Lisboa, PT), Ensemble Eco, Ambaixada de Portugal a Espanya, Cor Nacional d&#8217;Espanya (Madrid, ES), Fundaci\u00f3 Vict\u00f2ria dels \u00c0ngels i Bach Collegium Barcelona.<\/p>\n<p>A la temporada 2021-22 debuta com a LIFE New Artist al festival LIFE Victoria i rep el Premi Solista Salvat Beca Bach 2022 de la Fundaci\u00f3n Salvat.[\/vc_column_text][vc_empty_space height=&#8221;15&#8243;][\/vc_column_inner][\/vc_row_inner][\/vc_column][vc_column width=&#8221;1\/12&#8243;][\/vc_column][\/vc_row][vc_row][vc_column offset=&#8221;vc_hidden-sm vc_hidden-xs&#8221;][vc_empty_space height=&#8221;100&#8243;][\/vc_column][\/vc_row]\n","protected":false},"excerpt":{"rendered":"<p>[vc_row full_width=&#8221;stretch_row_content_no_spaces&#8221; css=&#8221;.vc_custom_1612202897517{margin-bottom: 0px !important;padding-top: px !important;padding-right: 0px !important;padding-bottom: 0px !important;}&#8221; el_class=&#8221;bar-language&#8221;][vc_column css=&#8221;.vc_custom_1612180406598{margin-bottom: 0px !important;padding-top: 0px !important;padding-bottom: 0px !important;}&#8221; offset=&#8221;vc_hidden-lg vc_hidden-md vc_hidden-sm vc_col-xs-12&#8243;][vc_custom_heading text=&#8221;`{`wpml_language_selector_widget`}`&#8221; font_container=&#8221;tag:h5|font_size:12px|text_align:center&#8221; use_theme_fonts=&#8221;yes&#8221; css=&#8221;.vc_custom_1612180415270{margin-bottom: 0px !important;padding-top: 5px !important;padding-bottom: 5px !important;}&#8221;][\/vc_column][\/vc_row][vc_row full_width=&#8221;stretch_row_content_no_spaces&#8221; css=&#8221;.vc_custom_1612202884352{margin-bottom: 0px !important;padding-top: px !important;padding-right: 0px !important;padding-bottom: 0px !important;}&#8221; el_class=&#8221;bar-language&#8221;][vc_column css=&#8221;.vc_custom_1612180516486{margin-bottom: 0px !important;padding-top: 0px !important;padding-right: 32px !important;padding-bottom: 0px !important;}&#8221; offset=&#8221;vc_col-xs-12 vc_hidden-xs&#8221;][vc_custom_heading [&hellip;]<\/p>\n","protected":false},"author":1,"featured_media":0,"parent":0,"menu_order":1,"comment_status":"open","ping_status":"closed","template":"","meta":[],"aioseo_notices":[],"_links":{"self":[{"href":"https:\/\/www.bachcelona.com\/en\/wp-json\/wp\/v2\/pages\/9408"}],"collection":[{"href":"https:\/\/www.bachcelona.com\/en\/wp-json\/wp\/v2\/pages"}],"about":[{"href":"https:\/\/www.bachcelona.com\/en\/wp-json\/wp\/v2\/types\/page"}],"author":[{"embeddable":true,"href":"https:\/\/www.bachcelona.com\/en\/wp-json\/wp\/v2\/users\/1"}],"replies":[{"embeddable":true,"href":"https:\/\/www.bachcelona.com\/en\/wp-json\/wp\/v2\/comments?post=9408"}],"version-history":[{"count":2,"href":"https:\/\/www.bachcelona.com\/en\/wp-json\/wp\/v2\/pages\/9408\/revisions"}],"predecessor-version":[{"id":9410,"href":"https:\/\/www.bachcelona.com\/en\/wp-json\/wp\/v2\/pages\/9408\/revisions\/9410"}],"wp:attachment":[{"href":"https:\/\/www.bachcelona.com\/en\/wp-json\/wp\/v2\/media?parent=9408"}],"curies":[{"name":"wp","href":"https:\/\/api.w.org\/{rel}","templated":true}]}}

[vc_row full_width=&#8221;stretch_row_content_no_spaces&#8221; css=&#8221;.vc_custom_1612202897517{margin-bottom: 0px !important;padding-top: px !important;padding-right: 0px !important;padding-bottom: 0px !important;}&#8221; el_class=&#8221;bar-language&#8221;][vc_column css=&#8221;.vc_custom_1612180406598{margin-bottom: 0px !important;padding-top: 0px !important;padding-bottom: 0px !important;}&#8221; offset=&#8221;vc_hidden-lg vc_hidden-md vc_hidden-sm vc_col-xs-12&#8243;][vc_custom_heading text=&#8221;`{`wpml_language_selector_widget`}`&#8221; font_container=&#8221;tag:h5|font_size:12px|text_align:center&#8221; use_theme_fonts=&#8221;yes&#8221; css=&#8221;.vc_custom_1612180415270{margin-bottom: 0px !important;padding-top: 5px !important;padding-bottom: 5px !important;}&#8221;][/vc_column][/vc_row][vc_row full_width=&#8221;stretch_row_content_no_spaces&#8221; css=&#8221;.vc_custom_1612202884352{margin-bottom: 0px !important;padding-top: px !important;padding-right: 0px !important;padding-bottom: 0px !important;}&#8221; el_class=&#8221;bar-language&#8221;][vc_column css=&#8221;.vc_custom_1612180516486{margin-bottom: 0px !important;padding-top: 0px !important;padding-right: 32px !important;padding-bottom: 0px !important;}&#8221; offset=&#8221;vc_col-xs-12 vc_hidden-xs&#8221;][vc_custom_heading text=&#8221;`{`wpml_language_selector_widget`}`&#8221; font_container=&#8221;tag:h5|font_size:12px|text_align:right&#8221; use_theme_fonts=&#8221;yes&#8221; css=&#8221;.vc_custom_1612179881970{margin-bottom: 0px !important;padding-top: 5px !important;padding-bottom: 5px !important;}&#8221;][/vc_column][/vc_row][vc_row][vc_column offset=&#8221;vc_hidden-xs&#8221;][vc_empty_space height=&#8221;75&#8243;][/vc_column][/vc_row][vc_row full_width=&#8221;stretch_row_content_no_spaces&#8221; gap=&#8221;35&#8243; css=&#8221;.vc_custom_1584650599547{margin-top: 0px !important;padding-right: 0px !important;}&#8221;][vc_column width=&#8221;1/12&#8243; css=&#8221;.vc_custom_1584650160678{margin-top: 0px !important;}&#8221;][/vc_column][vc_column width=&#8221;4/12&#8243; offset=&#8221;vc_col-lg-offset-0 vc_col-md-offset-0 vc_col-sm-offset-0&#8243;][vc_single_image image=&#8221;9378&#8243; img_size=&#8221;full&#8221; alignment=&#8221;center&#8221; css=&#8221;.vc_custom_1639766625737{margin-top: 0px !important;}&#8221;][vc_raw_html][/vc_raw_html][/vc_column][vc_column width=&#8221;6/12&#8243;][vc_row_inner][vc_column_inner width=&#8221;1/12&#8243;][/vc_column_inner][vc_column_inner width=&#8221;11/12&#8243;][vc_column_text css=&#8221;.vc_custom_1639766088189{margin-top: 15px !important;}&#8221;]
<h2>Rita Morais, <em>soprano</em></h2>
<p>Va néixer a Braga (Portugal), ciutat on va començar els seus estudis musicals al Conservatori de Música Calouste Gulbenkian en viola i cant.</p>
<p>A continuació, es va formar en cant a l&#8217;Escola Superior de Música i Arts do Espetaculo (ESMAE) de Porto. Becada per la Fundació Calouste Gulbenkian de Lisboa (2016-2018) per la Societat d&#8217;Artistes, Intèrprets i Executants d&#8217;Espanya (2020) i per la Fundació Victòria dels Àngels (2020), completa la seva formació acadèmica al Màster de Lied “Victoria dels Àngels” de l&#8217;Escola Superior de Música de Catalunya.</p>
<p>Regularment realitza concerts i recitals a Portugal i Espanya, col·laborant amb entitats com Casa da Música (Porto, PT), Estudis Victor Córdon/Companhia Nacional de Ballat, Fundação Calouste Gulbenkian (Lisboa, PT), Ensemble Eco, Ambaixada de Portugal a Espanya, Cor Nacional d&#8217;Espanya (Madrid, ES), Fundació Victòria dels Àngels i Bach Collegium Barcelona.</p>
<p>A la temporada 2021-22 debuta com a LIFE New Artist al festival LIFE Victoria i rep el Premi Solista Salvat Beca Bach 2022 de la Fundación Salvat.[/vc_column_text][vc_empty_space height=&#8221;15&#8243;][/vc_column_inner][/vc_row_inner][/vc_column][vc_column width=&#8221;1/12&#8243;][/vc_column][/vc_row][vc_row][vc_column offset=&#8221;vc_hidden-sm vc_hidden-xs&#8221;][vc_empty_space height=&#8221;100&#8243;][/vc_column][/vc_row]
