{"id":7444,"date":"2020-12-28T20:58:35","date_gmt":"2020-12-28T20:58:35","guid":{"rendered":"http:\/\/212.129.56.154\/dida-castro\/"},"modified":"2025-12-11T20:41:36","modified_gmt":"2025-12-11T20:41:36","slug":"dida-castro","status":"publish","type":"page","link":"https:\/\/www.bachcelona.com\/en\/dida-castro\/","title":{"rendered":"Dida Castro"},"content":{"rendered":"[vc_row][vc_column offset=&#8221;vc_hidden-xs&#8221;][vc_empty_space height=&#8221;75&#8243;][\/vc_column][\/vc_row][vc_row full_width=&#8221;stretch_row_content_no_spaces&#8221; gap=&#8221;35&#8243; css=&#8221;.vc_custom_1584650599547{margin-top: 0px !important;padding-right: 0px !important;}&#8221;][vc_column width=&#8221;1\/12&#8243; css=&#8221;.vc_custom_1584650160678{margin-top: 0px !important;}&#8221;][\/vc_column][vc_column width=&#8221;4\/12&#8243; offset=&#8221;vc_col-lg-offset-0 vc_col-md-offset-0 vc_col-sm-offset-0&#8243;][vc_single_image image=&#8221;6628&#8243; img_size=&#8221;full&#8221; alignment=&#8221;center&#8221; css=&#8221;.vc_custom_1609697138452{margin-top: 0px !important;}&#8221;][vc_raw_html][\/vc_raw_html][\/vc_column][vc_column width=&#8221;6\/12&#8243;][vc_row_inner][vc_column_inner width=&#8221;1\/12&#8243;][\/vc_column_inner][vc_column_inner width=&#8221;11\/12&#8243;][vc_column_text css=&#8221;.vc_custom_1609189084019{margin-top: 15px !important;}&#8221;]\n<h2>Dida Castro<\/h2>\n<p>Formada entre Catalunya i B\u00e8lgica estudia t\u00e8cnica vocal amb el mestre Jorge Sirena i ha rebut classes magistrals dels mestres Maite Beaumont, Jaume Aragall, Raquel Pierotti, Rachel Taghikani, Lucienne van Dijck i Carole Wilson. Ha treballat repertori amb Os\u00edas Wilenski, Viviana Salisi, Maria Neus Devesa, Josep Buforn i Ricardo Estrada a Barcelona i Filip Martens, Inge Spinette i Jef Smits a B\u00e8lgica. Ha ofert recitals de Lied i com a solista ha rebut molt bones cr\u00edtiques en el debut dels rols d\u2019Orfeo a l\u2019Orfeo ed Euridice, de Cherubino a Le Nozze di Figaro, o de tercera Dama a Die Zauberfl\u00f6te. En el camp de l\u2019oratori ha cantat obres emblem\u00e0tiques del repertori en espais com la Sagrada Fam\u00edlia, el Monestir de Pedralbes, la Bas\u00edlica de Santa Maria del Mar i la Bas\u00edlica de Santa Maria del Pi.[\/vc_column_text][vc_empty_space height=&#8221;15&#8243;][\/vc_column_inner][\/vc_row_inner][\/vc_column][vc_column width=&#8221;1\/12&#8243;][\/vc_column][\/vc_row][vc_row][vc_column offset=&#8221;vc_hidden-sm vc_hidden-xs&#8221;][vc_empty_space height=&#8221;100&#8243;][\/vc_column][\/vc_row]\n","protected":false},"excerpt":{"rendered":"<p>[vc_row][vc_column offset=&#8221;vc_hidden-xs&#8221;][vc_empty_space height=&#8221;75&#8243;][\/vc_column][\/vc_row][vc_row full_width=&#8221;stretch_row_content_no_spaces&#8221; gap=&#8221;35&#8243; css=&#8221;.vc_custom_1584650599547{margin-top: 0px !important;padding-right: 0px !important;}&#8221;][vc_column width=&#8221;1\/12&#8243; css=&#8221;.vc_custom_1584650160678{margin-top: 0px !important;}&#8221;][\/vc_column][vc_column width=&#8221;4\/12&#8243; offset=&#8221;vc_col-lg-offset-0 vc_col-md-offset-0 vc_col-sm-offset-0&#8243;][vc_single_image image=&#8221;6628&#8243; img_size=&#8221;full&#8221; alignment=&#8221;center&#8221; css=&#8221;.vc_custom_1609697138452{margin-top: 0px !important;}&#8221;][vc_raw_html][\/vc_raw_html][\/vc_column][vc_column width=&#8221;6\/12&#8243;][vc_row_inner][vc_column_inner width=&#8221;1\/12&#8243;][\/vc_column_inner][vc_column_inner width=&#8221;11\/12&#8243;][vc_column_text css=&#8221;.vc_custom_1609189084019{margin-top: 15px !important;}&#8221;] Dida Castro Formada entre Catalunya i B\u00e8lgica estudia t\u00e8cnica vocal amb el mestre Jorge Sirena i ha rebut classes magistrals dels mestres Maite Beaumont, Jaume [&hellip;]<\/p>\n","protected":false},"author":1,"featured_media":0,"parent":0,"menu_order":2,"comment_status":"open","ping_status":"closed","template":"","meta":[],"aioseo_notices":[],"_links":{"self":[{"href":"https:\/\/www.bachcelona.com\/en\/wp-json\/wp\/v2\/pages\/7444"}],"collection":[{"href":"https:\/\/www.bachcelona.com\/en\/wp-json\/wp\/v2\/pages"}],"about":[{"href":"https:\/\/www.bachcelona.com\/en\/wp-json\/wp\/v2\/types\/page"}],"author":[{"embeddable":true,"href":"https:\/\/www.bachcelona.com\/en\/wp-json\/wp\/v2\/users\/1"}],"replies":[{"embeddable":true,"href":"https:\/\/www.bachcelona.com\/en\/wp-json\/wp\/v2\/comments?post=7444"}],"version-history":[{"count":1,"href":"https:\/\/www.bachcelona.com\/en\/wp-json\/wp\/v2\/pages\/7444\/revisions"}],"predecessor-version":[{"id":7451,"href":"https:\/\/www.bachcelona.com\/en\/wp-json\/wp\/v2\/pages\/7444\/revisions\/7451"}],"wp:attachment":[{"href":"https:\/\/www.bachcelona.com\/en\/wp-json\/wp\/v2\/media?parent=7444"}],"curies":[{"name":"wp","href":"https:\/\/api.w.org\/{rel}","templated":true}]}}

[vc_row][vc_column offset=&#8221;vc_hidden-xs&#8221;][vc_empty_space height=&#8221;75&#8243;][/vc_column][/vc_row][vc_row full_width=&#8221;stretch_row_content_no_spaces&#8221; gap=&#8221;35&#8243; css=&#8221;.vc_custom_1584650599547{margin-top: 0px !important;padding-right: 0px !important;}&#8221;][vc_column width=&#8221;1/12&#8243; css=&#8221;.vc_custom_1584650160678{margin-top: 0px !important;}&#8221;][/vc_column][vc_column width=&#8221;4/12&#8243; offset=&#8221;vc_col-lg-offset-0 vc_col-md-offset-0 vc_col-sm-offset-0&#8243;][vc_single_image image=&#8221;6628&#8243; img_size=&#8221;full&#8221; alignment=&#8221;center&#8221; css=&#8221;.vc_custom_1609697138452{margin-top: 0px !important;}&#8221;][vc_raw_html][/vc_raw_html][/vc_column][vc_column width=&#8221;6/12&#8243;][vc_row_inner][vc_column_inner width=&#8221;1/12&#8243;][/vc_column_inner][vc_column_inner width=&#8221;11/12&#8243;][vc_column_text css=&#8221;.vc_custom_1609189084019{margin-top: 15px !important;}&#8221;]
<h2>Dida Castro</h2>
<p>Formada entre Catalunya i Bèlgica estudia tècnica vocal amb el mestre Jorge Sirena i ha rebut classes magistrals dels mestres Maite Beaumont, Jaume Aragall, Raquel Pierotti, Rachel Taghikani, Lucienne van Dijck i Carole Wilson. Ha treballat repertori amb Osías Wilenski, Viviana Salisi, Maria Neus Devesa, Josep Buforn i Ricardo Estrada a Barcelona i Filip Martens, Inge Spinette i Jef Smits a Bèlgica. Ha ofert recitals de Lied i com a solista ha rebut molt bones crítiques en el debut dels rols d’Orfeo a l’Orfeo ed Euridice, de Cherubino a Le Nozze di Figaro, o de tercera Dama a Die Zauberflöte. En el camp de l’oratori ha cantat obres emblemàtiques del repertori en espais com la Sagrada Família, el Monestir de Pedralbes, la Basílica de Santa Maria del Mar i la Basílica de Santa Maria del Pi.[/vc_column_text][vc_empty_space height=&#8221;15&#8243;][/vc_column_inner][/vc_row_inner][/vc_column][vc_column width=&#8221;1/12&#8243;][/vc_column][/vc_row][vc_row][vc_column offset=&#8221;vc_hidden-sm vc_hidden-xs&#8221;][vc_empty_space height=&#8221;100&#8243;][/vc_column][/vc_row]

<p>[vc_row][vc_column offset=&#8221;vc_hidden-xs&#8221;][vc_empty_space height=&#8221;75&#8243;][/vc_column][/vc_row][vc_row full_width=&#8221;stretch_row_content_no_spaces&#8221; gap=&#8221;35&#8243; css=&#8221;.vc_custom_1584650599547{margin-top: 0px !important;padding-right: 0px !important;}&#8221;][vc_column width=&#8221;1/12&#8243; css=&#8221;.vc_custom_1584650160678{margin-top: 0px !important;}&#8221;][/vc_column][vc_column width=&#8221;4/12&#8243; offset=&#8221;vc_col-lg-offset-0 vc_col-md-offset-0 vc_col-sm-offset-0&#8243;][vc_single_image image=&#8221;6628&#8243; img_size=&#8221;full&#8221; alignment=&#8221;center&#8221; css=&#8221;.vc_custom_1609697138452{margin-top: 0px !important;}&#8221;][vc_raw_html][/vc_raw_html][/vc_column][vc_column width=&#8221;6/12&#8243;][vc_row_inner][vc_column_inner width=&#8221;1/12&#8243;][/vc_column_inner][vc_column_inner width=&#8221;11/12&#8243;][vc_column_text css=&#8221;.vc_custom_1609189084019{margin-top: 15px !important;}&#8221;] Dida Castro Formada entre Catalunya i Bèlgica estudia tècnica vocal amb el mestre Jorge Sirena i ha rebut classes magistrals dels mestres Maite Beaumont, Jaume [&hellip;]</p>
