{"id":7292,"date":"2020-12-23T12:21:50","date_gmt":"2020-12-23T12:21:50","guid":{"rendered":"http:\/\/212.129.56.154\/?page_id=7292"},"modified":"2025-12-11T21:11:10","modified_gmt":"2025-12-11T21:11:10","slug":"pau-armengol","status":"publish","type":"page","link":"https:\/\/www.bachcelona.com\/en\/pau-armengol\/","title":{"rendered":"Pau\u00a0Armengol"},"content":{"rendered":"[vc_row full_width=&#8221;stretch_row_content_no_spaces&#8221; css=&#8221;.vc_custom_1612202897517{margin-bottom: 0px !important;padding-top: px !important;padding-right: 0px !important;padding-bottom: 0px !important;}&#8221; el_class=&#8221;bar-language&#8221;][vc_column css=&#8221;.vc_custom_1612180406598{margin-bottom: 0px !important;padding-top: 0px !important;padding-bottom: 0px !important;}&#8221; offset=&#8221;vc_hidden-lg vc_hidden-md vc_hidden-sm vc_col-xs-12&#8243;][vc_custom_heading text=&#8221;`{`wpml_language_selector_widget`}`&#8221; font_container=&#8221;tag:h5|font_size:12px|text_align:center&#8221; use_theme_fonts=&#8221;yes&#8221; css=&#8221;.vc_custom_1612180415270{margin-bottom: 0px !important;padding-top: 5px !important;padding-bottom: 5px !important;}&#8221;][\/vc_column][\/vc_row][vc_row full_width=&#8221;stretch_row_content_no_spaces&#8221; css=&#8221;.vc_custom_1612202884352{margin-bottom: 0px !important;padding-top: px !important;padding-right: 0px !important;padding-bottom: 0px !important;}&#8221; el_class=&#8221;bar-language&#8221;][vc_column css=&#8221;.vc_custom_1612180516486{margin-bottom: 0px !important;padding-top: 0px !important;padding-right: 32px !important;padding-bottom: 0px !important;}&#8221; offset=&#8221;vc_col-xs-12 vc_hidden-xs&#8221;][vc_custom_heading text=&#8221;`{`wpml_language_selector_widget`}`&#8221; font_container=&#8221;tag:h5|font_size:12px|text_align:right&#8221; use_theme_fonts=&#8221;yes&#8221; css=&#8221;.vc_custom_1612179881970{margin-bottom: 0px !important;padding-top: 5px !important;padding-bottom: 5px !important;}&#8221;][\/vc_column][\/vc_row][vc_row][vc_column offset=&#8221;vc_hidden-xs&#8221;][vc_empty_space height=&#8221;75&#8243;][\/vc_column][\/vc_row][vc_row full_width=&#8221;stretch_row_content_no_spaces&#8221; gap=&#8221;35&#8243; css=&#8221;.vc_custom_1584650599547{margin-top: 0px !important;padding-right: 0px !important;}&#8221;][vc_column width=&#8221;1\/12&#8243; css=&#8221;.vc_custom_1584650160678{margin-top: 0px !important;}&#8221;][\/vc_column][vc_column width=&#8221;4\/12&#8243; offset=&#8221;vc_col-lg-offset-0 vc_col-md-offset-0 vc_col-sm-offset-0&#8243;][vc_single_image image=&#8221;6532&#8243; img_size=&#8221;full&#8221; alignment=&#8221;center&#8221; css=&#8221;.vc_custom_1608726086720{margin-top: 0px !important;}&#8221;][vc_raw_html][\/vc_raw_html][\/vc_column][vc_column width=&#8221;6\/12&#8243;][vc_row_inner][vc_column_inner width=&#8221;1\/12&#8243;][\/vc_column_inner][vc_column_inner width=&#8221;11\/12&#8243;][vc_column_text css=&#8221;.vc_custom_1617906282183{margin-top: 15px !important;}&#8221;]\n<h2>Pau Armengol, <em>bar\u00edton<\/em><\/h2>\n<p>Nascut a Sabadell, inicia els estudis musicals de piano i solfeig a la seva ciutat. L\u2019inter\u00e8s pel cant l\u00edric li arriba posteriorment de la m\u00e0 del que \u00e9s el seu mestre, Carlos Chausson. A m\u00e9s, ha rebut lli\u00e7ons de t\u00e8cnica vocal de Jaume Aragall, Eva Mei, Celso Albelo, Mariella Devia o Pl\u00e1cido Domingo. Tamb\u00e9 ha rebut lli\u00e7ons d\u2019interpretaci\u00f3 musical de mestres com Stanislav Angelov, Francisco Poyato, Roger Vignoles o Jocelyne Dienst-Bladin.<\/p>\n<p>Despr\u00e9s d\u2019obtenir el t\u00edtol de doctor en Qu\u00edmica Te\u00f2rica i Computacional per la Universitat Aut\u00f2noma de Barcelona, guanya el concurs Mirna Lacambra per accedir a l&#8217;Escola d&#8217;\u00d2pera de Sabadell per a interpretar el rol de Leporello de l&#8217;\u00d2pera &#8220;Don Giovanni&#8221; de W.A. Mozart. Posteriorment ha tornat al teatre sabadellenc amb assidu\u00eftat. Ofereix recitals arreu del territori catal\u00e0, espanyol, i europeu, debutant el rol de Figaro de \u201cLe nozze di Figaro\u201d de W.A. Mozart a Weimar (Alemanya), entre altres. La temporada 18-19 \u00e9s seleccionat pel Centre de Perfeccionament Pl\u00e1cido Domingo del Palau de les Arts Reina Sof\u00eda de Val\u00e8ncia, on ha compartit escenari amb veus com Leo Nucci, Celso Albelo o Marco Spotti. A m\u00e9s, ha desenvolupat els rols de Dulcamara (<em>L\u2019elisir d\u2019amore<\/em>), Colas (<em>Bastian und Bastienne<\/em>), Frank (<em>Die Fledermaus<\/em>) o Sprecher\/Priester (Die Zauberfl\u00f6te) o Il Sagrestano, entre altres. En el camp del Lied, recentment ha debutat en el concert inaugural del Festival Life Victoria 2020 com a Life New Artist. Ha estat dirigit per mestres com Karl-Friedrich Beringer, Roberto Abbado o Pl\u00e1cido Domingo.[\/vc_column_text][vc_empty_space height=&#8221;15&#8243;][\/vc_column_inner][\/vc_row_inner][\/vc_column][vc_column width=&#8221;1\/12&#8243;][\/vc_column][\/vc_row][vc_row][vc_column offset=&#8221;vc_hidden-sm vc_hidden-xs&#8221;][vc_empty_space height=&#8221;100&#8243;][\/vc_column][\/vc_row]\n","protected":false},"excerpt":{"rendered":"<p>[vc_row full_width=&#8221;stretch_row_content_no_spaces&#8221; css=&#8221;.vc_custom_1612202897517{margin-bottom: 0px !important;padding-top: px !important;padding-right: 0px !important;padding-bottom: 0px !important;}&#8221; el_class=&#8221;bar-language&#8221;][vc_column css=&#8221;.vc_custom_1612180406598{margin-bottom: 0px !important;padding-top: 0px !important;padding-bottom: 0px !important;}&#8221; offset=&#8221;vc_hidden-lg vc_hidden-md vc_hidden-sm vc_col-xs-12&#8243;][vc_custom_heading text=&#8221;`{`wpml_language_selector_widget`}`&#8221; font_container=&#8221;tag:h5|font_size:12px|text_align:center&#8221; use_theme_fonts=&#8221;yes&#8221; css=&#8221;.vc_custom_1612180415270{margin-bottom: 0px !important;padding-top: 5px !important;padding-bottom: 5px !important;}&#8221;][\/vc_column][\/vc_row][vc_row full_width=&#8221;stretch_row_content_no_spaces&#8221; css=&#8221;.vc_custom_1612202884352{margin-bottom: 0px !important;padding-top: px !important;padding-right: 0px !important;padding-bottom: 0px !important;}&#8221; el_class=&#8221;bar-language&#8221;][vc_column css=&#8221;.vc_custom_1612180516486{margin-bottom: 0px !important;padding-top: 0px !important;padding-right: 32px !important;padding-bottom: 0px !important;}&#8221; offset=&#8221;vc_col-xs-12 vc_hidden-xs&#8221;][vc_custom_heading [&hellip;]<\/p>\n","protected":false},"author":1,"featured_media":0,"parent":0,"menu_order":2,"comment_status":"open","ping_status":"closed","template":"","meta":[],"aioseo_notices":[],"_links":{"self":[{"href":"https:\/\/www.bachcelona.com\/en\/wp-json\/wp\/v2\/pages\/7292"}],"collection":[{"href":"https:\/\/www.bachcelona.com\/en\/wp-json\/wp\/v2\/pages"}],"about":[{"href":"https:\/\/www.bachcelona.com\/en\/wp-json\/wp\/v2\/types\/page"}],"author":[{"embeddable":true,"href":"https:\/\/www.bachcelona.com\/en\/wp-json\/wp\/v2\/users\/1"}],"replies":[{"embeddable":true,"href":"https:\/\/www.bachcelona.com\/en\/wp-json\/wp\/v2\/comments?post=7292"}],"version-history":[{"count":6,"href":"https:\/\/www.bachcelona.com\/en\/wp-json\/wp\/v2\/pages\/7292\/revisions"}],"predecessor-version":[{"id":12062,"href":"https:\/\/www.bachcelona.com\/en\/wp-json\/wp\/v2\/pages\/7292\/revisions\/12062"}],"wp:attachment":[{"href":"https:\/\/www.bachcelona.com\/en\/wp-json\/wp\/v2\/media?parent=7292"}],"curies":[{"name":"wp","href":"https:\/\/api.w.org\/{rel}","templated":true}]}}

[vc_row full_width=&#8221;stretch_row_content_no_spaces&#8221; css=&#8221;.vc_custom_1612202897517{margin-bottom: 0px !important;padding-top: px !important;padding-right: 0px !important;padding-bottom: 0px !important;}&#8221; el_class=&#8221;bar-language&#8221;][vc_column css=&#8221;.vc_custom_1612180406598{margin-bottom: 0px !important;padding-top: 0px !important;padding-bottom: 0px !important;}&#8221; offset=&#8221;vc_hidden-lg vc_hidden-md vc_hidden-sm vc_col-xs-12&#8243;][vc_custom_heading text=&#8221;`{`wpml_language_selector_widget`}`&#8221; font_container=&#8221;tag:h5|font_size:12px|text_align:center&#8221; use_theme_fonts=&#8221;yes&#8221; css=&#8221;.vc_custom_1612180415270{margin-bottom: 0px !important;padding-top: 5px !important;padding-bottom: 5px !important;}&#8221;][/vc_column][/vc_row][vc_row full_width=&#8221;stretch_row_content_no_spaces&#8221; css=&#8221;.vc_custom_1612202884352{margin-bottom: 0px !important;padding-top: px !important;padding-right: 0px !important;padding-bottom: 0px !important;}&#8221; el_class=&#8221;bar-language&#8221;][vc_column css=&#8221;.vc_custom_1612180516486{margin-bottom: 0px !important;padding-top: 0px !important;padding-right: 32px !important;padding-bottom: 0px !important;}&#8221; offset=&#8221;vc_col-xs-12 vc_hidden-xs&#8221;][vc_custom_heading text=&#8221;`{`wpml_language_selector_widget`}`&#8221; font_container=&#8221;tag:h5|font_size:12px|text_align:right&#8221; use_theme_fonts=&#8221;yes&#8221; css=&#8221;.vc_custom_1612179881970{margin-bottom: 0px !important;padding-top: 5px !important;padding-bottom: 5px !important;}&#8221;][/vc_column][/vc_row][vc_row][vc_column offset=&#8221;vc_hidden-xs&#8221;][vc_empty_space height=&#8221;75&#8243;][/vc_column][/vc_row][vc_row full_width=&#8221;stretch_row_content_no_spaces&#8221; gap=&#8221;35&#8243; css=&#8221;.vc_custom_1584650599547{margin-top: 0px !important;padding-right: 0px !important;}&#8221;][vc_column width=&#8221;1/12&#8243; css=&#8221;.vc_custom_1584650160678{margin-top: 0px !important;}&#8221;][/vc_column][vc_column width=&#8221;4/12&#8243; offset=&#8221;vc_col-lg-offset-0 vc_col-md-offset-0 vc_col-sm-offset-0&#8243;][vc_single_image image=&#8221;6532&#8243; img_size=&#8221;full&#8221; alignment=&#8221;center&#8221; css=&#8221;.vc_custom_1608726086720{margin-top: 0px !important;}&#8221;][vc_raw_html][/vc_raw_html][/vc_column][vc_column width=&#8221;6/12&#8243;][vc_row_inner][vc_column_inner width=&#8221;1/12&#8243;][/vc_column_inner][vc_column_inner width=&#8221;11/12&#8243;][vc_column_text css=&#8221;.vc_custom_1617906282183{margin-top: 15px !important;}&#8221;]
<h2>Pau Armengol, <em>baríton</em></h2>
<p>Nascut a Sabadell, inicia els estudis musicals de piano i solfeig a la seva ciutat. L’interès pel cant líric li arriba posteriorment de la mà del que és el seu mestre, Carlos Chausson. A més, ha rebut lliçons de tècnica vocal de Jaume Aragall, Eva Mei, Celso Albelo, Mariella Devia o Plácido Domingo. També ha rebut lliçons d’interpretació musical de mestres com Stanislav Angelov, Francisco Poyato, Roger Vignoles o Jocelyne Dienst-Bladin.</p>
<p>Després d’obtenir el títol de doctor en Química Teòrica i Computacional per la Universitat Autònoma de Barcelona, guanya el concurs Mirna Lacambra per accedir a l&#8217;Escola d&#8217;Òpera de Sabadell per a interpretar el rol de Leporello de l&#8217;Òpera &#8220;Don Giovanni&#8221; de W.A. Mozart. Posteriorment ha tornat al teatre sabadellenc amb assiduïtat. Ofereix recitals arreu del territori català, espanyol, i europeu, debutant el rol de Figaro de “Le nozze di Figaro” de W.A. Mozart a Weimar (Alemanya), entre altres. La temporada 18-19 és seleccionat pel Centre de Perfeccionament Plácido Domingo del Palau de les Arts Reina Sofía de València, on ha compartit escenari amb veus com Leo Nucci, Celso Albelo o Marco Spotti. A més, ha desenvolupat els rols de Dulcamara (<em>L’elisir d’amore</em>), Colas (<em>Bastian und Bastienne</em>), Frank (<em>Die Fledermaus</em>) o Sprecher/Priester (Die Zauberflöte) o Il Sagrestano, entre altres. En el camp del Lied, recentment ha debutat en el concert inaugural del Festival Life Victoria 2020 com a Life New Artist. Ha estat dirigit per mestres com Karl-Friedrich Beringer, Roberto Abbado o Plácido Domingo.[/vc_column_text][vc_empty_space height=&#8221;15&#8243;][/vc_column_inner][/vc_row_inner][/vc_column][vc_column width=&#8221;1/12&#8243;][/vc_column][/vc_row][vc_row][vc_column offset=&#8221;vc_hidden-sm vc_hidden-xs&#8221;][vc_empty_space height=&#8221;100&#8243;][/vc_column][/vc_row]
