{"id":12874,"date":"2025-12-11T20:02:26","date_gmt":"2025-12-11T20:02:26","guid":{"rendered":"https:\/\/www.bachcelona.com\/jana-corominas\/"},"modified":"2025-12-11T20:02:27","modified_gmt":"2025-12-11T20:02:27","slug":"jana-corominas","status":"publish","type":"page","link":"https:\/\/www.bachcelona.com\/en\/jana-corominas\/","title":{"rendered":"Jana Corominas"},"content":{"rendered":"[vc_row full_width=&#8221;stretch_row_content_no_spaces&#8221; css=&#8221;.vc_custom_1612202897517{margin-bottom: 0px !important;padding-top: px !important;padding-right: 0px !important;padding-bottom: 0px !important;}&#8221; el_class=&#8221;bar-language&#8221;][vc_column css=&#8221;.vc_custom_1612180406598{margin-bottom: 0px !important;padding-top: 0px !important;padding-bottom: 0px !important;}&#8221; offset=&#8221;vc_hidden-lg vc_hidden-md vc_hidden-sm vc_col-xs-12&#8243;][vc_custom_heading text=&#8221;`{`wpml_language_selector_widget`}`&#8221; font_container=&#8221;tag:h5|font_size:12px|text_align:center&#8221; use_theme_fonts=&#8221;yes&#8221; css=&#8221;.vc_custom_1612180415270{margin-bottom: 0px !important;padding-top: 5px !important;padding-bottom: 5px !important;}&#8221;][\/vc_column][\/vc_row][vc_row full_width=&#8221;stretch_row_content_no_spaces&#8221; css=&#8221;.vc_custom_1612202884352{margin-bottom: 0px !important;padding-top: px !important;padding-right: 0px !important;padding-bottom: 0px !important;}&#8221; el_class=&#8221;bar-language&#8221;][vc_column css=&#8221;.vc_custom_1612180516486{margin-bottom: 0px !important;padding-top: 0px !important;padding-right: 32px !important;padding-bottom: 0px !important;}&#8221; offset=&#8221;vc_col-xs-12 vc_hidden-xs&#8221;][vc_custom_heading text=&#8221;`{`wpml_language_selector_widget`}`&#8221; font_container=&#8221;tag:h5|font_size:12px|text_align:right&#8221; use_theme_fonts=&#8221;yes&#8221; css=&#8221;.vc_custom_1612179881970{margin-bottom: 0px !important;padding-top: 5px !important;padding-bottom: 5px !important;}&#8221;][\/vc_column][\/vc_row][vc_row][vc_column offset=&#8221;vc_hidden-xs&#8221;][vc_empty_space height=&#8221;75&#8243;][\/vc_column][\/vc_row][vc_row full_width=&#8221;stretch_row_content_no_spaces&#8221; gap=&#8221;35&#8243; css=&#8221;.vc_custom_1584650599547{margin-top: 0px !important;padding-right: 0px !important;}&#8221;][vc_column width=&#8221;1\/12&#8243; css=&#8221;.vc_custom_1584650160678{margin-top: 0px !important;}&#8221;][\/vc_column][vc_column width=&#8221;4\/12&#8243; offset=&#8221;vc_col-lg-offset-0 vc_col-md-offset-0 vc_col-sm-offset-0&#8243;][vc_single_image image=&#8221;12850&#8243; img_size=&#8221;full&#8221; alignment=&#8221;center&#8221; css=&#8221;.vc_custom_1765401911735{margin-top: 0px !important;}&#8221;][vc_raw_html][\/vc_raw_html][\/vc_column][vc_column width=&#8221;6\/12&#8243;][vc_row_inner][vc_column_inner width=&#8221;1\/12&#8243;][\/vc_column_inner][vc_column_inner width=&#8221;11\/12&#8243;][vc_column_text css=&#8221;.vc_custom_1765401316219{margin-top: 15px !important;}&#8221;]\n<h2>Jana Corominas, <em>mezzosoprano<\/em><\/h2>\n<p>Jana Corominas is a mezzo-soprano from Barcelona. She began her musical studies at the age of 5 with the Suzuki method. In 2024, she graduated from the Conservatori Superior del Liceu under the guidance of baritone Joan Mart\u00edn Royo, with whom, together with Marta Pujol, she has completed the Master\u2019s degree in Vocal Performance at the same institution. She is currently pursuing the official Master\u2019s in Lied \u201cVictoria de los \u00c1ngeles\u201d at ESMUC.<\/p>\n<p>She has been awarded a scholarship to participate in the 2025 edition of Lied the Future, a talent development programme run by the Associaci\u00f3 Franz Schubert with the support of Fundaci\u00f3n Banco Sabadell and Fundaci\u00f3n Ferrer-Salat. She has furthered her vocal training through masterclasses, academies and courses with renowned professionals such as Emma Kirkby, Eduardo L\u00f3pez Banzo, Marta Infante, Llu\u00eds Vilamaj\u00f3, Sophie Koch, Christiane Karg, Didier Laclau-Barr\u00e8re, Benjamin Appl, Francisco Poyato, Wolfram Rieger, Luciana Serra, among others.<\/p>\n<p>She regularly collaborates with some of the most important choirs in Catalonia, including the Palau de la M\u00fasica Chamber Choir, Cor Francesc Valls, Bach Collegium and the Bachcelona Akademie choir. She has worked with prominent national and international conductors such as Gustavo Dudamel, Christoph Siebert, Christoph Pr\u00e9gardien, Llu\u00eds Vilamaj\u00f3, Pere Llu\u00eds Biosca, Manel Valdivieso and Mireia Barrera.<br \/>\n<br \/>\n[\/vc_column_text][vc_empty_space height=&#8221;15&#8243;][\/vc_column_inner][\/vc_row_inner][\/vc_column][vc_column width=&#8221;1\/12&#8243;][\/vc_column][\/vc_row][vc_row][vc_column offset=&#8221;vc_hidden-sm vc_hidden-xs&#8221;][vc_empty_space height=&#8221;100&#8243;][\/vc_column][\/vc_row]\n","protected":false},"excerpt":{"rendered":"<p>[vc_row full_width=&#8221;stretch_row_content_no_spaces&#8221; css=&#8221;.vc_custom_1612202897517{margin-bottom: 0px !important;padding-top: px !important;padding-right: 0px !important;padding-bottom: 0px !important;}&#8221; el_class=&#8221;bar-language&#8221;][vc_column css=&#8221;.vc_custom_1612180406598{margin-bottom: 0px !important;padding-top: 0px !important;padding-bottom: 0px !important;}&#8221; offset=&#8221;vc_hidden-lg vc_hidden-md vc_hidden-sm vc_col-xs-12&#8243;][vc_custom_heading text=&#8221;`{`wpml_language_selector_widget`}`&#8221; font_container=&#8221;tag:h5|font_size:12px|text_align:center&#8221; use_theme_fonts=&#8221;yes&#8221; css=&#8221;.vc_custom_1612180415270{margin-bottom: 0px !important;padding-top: 5px !important;padding-bottom: 5px !important;}&#8221;][\/vc_column][\/vc_row][vc_row full_width=&#8221;stretch_row_content_no_spaces&#8221; css=&#8221;.vc_custom_1612202884352{margin-bottom: 0px !important;padding-top: px !important;padding-right: 0px !important;padding-bottom: 0px !important;}&#8221; el_class=&#8221;bar-language&#8221;][vc_column css=&#8221;.vc_custom_1612180516486{margin-bottom: 0px !important;padding-top: 0px !important;padding-right: 32px !important;padding-bottom: 0px !important;}&#8221; offset=&#8221;vc_col-xs-12 vc_hidden-xs&#8221;][vc_custom_heading [&hellip;]<\/p>\n","protected":false},"author":1,"featured_media":0,"parent":0,"menu_order":1,"comment_status":"open","ping_status":"closed","template":"","meta":[],"aioseo_notices":[],"_links":{"self":[{"href":"https:\/\/www.bachcelona.com\/en\/wp-json\/wp\/v2\/pages\/12874"}],"collection":[{"href":"https:\/\/www.bachcelona.com\/en\/wp-json\/wp\/v2\/pages"}],"about":[{"href":"https:\/\/www.bachcelona.com\/en\/wp-json\/wp\/v2\/types\/page"}],"author":[{"embeddable":true,"href":"https:\/\/www.bachcelona.com\/en\/wp-json\/wp\/v2\/users\/1"}],"replies":[{"embeddable":true,"href":"https:\/\/www.bachcelona.com\/en\/wp-json\/wp\/v2\/comments?post=12874"}],"version-history":[{"count":3,"href":"https:\/\/www.bachcelona.com\/en\/wp-json\/wp\/v2\/pages\/12874\/revisions"}],"predecessor-version":[{"id":12877,"href":"https:\/\/www.bachcelona.com\/en\/wp-json\/wp\/v2\/pages\/12874\/revisions\/12877"}],"wp:attachment":[{"href":"https:\/\/www.bachcelona.com\/en\/wp-json\/wp\/v2\/media?parent=12874"}],"curies":[{"name":"wp","href":"https:\/\/api.w.org\/{rel}","templated":true}]}}

[vc_row full_width=&#8221;stretch_row_content_no_spaces&#8221; css=&#8221;.vc_custom_1612202897517{margin-bottom: 0px !important;padding-top: px !important;padding-right: 0px !important;padding-bottom: 0px !important;}&#8221; el_class=&#8221;bar-language&#8221;][vc_column css=&#8221;.vc_custom_1612180406598{margin-bottom: 0px !important;padding-top: 0px !important;padding-bottom: 0px !important;}&#8221; offset=&#8221;vc_hidden-lg vc_hidden-md vc_hidden-sm vc_col-xs-12&#8243;][vc_custom_heading text=&#8221;`{`wpml_language_selector_widget`}`&#8221; font_container=&#8221;tag:h5|font_size:12px|text_align:center&#8221; use_theme_fonts=&#8221;yes&#8221; css=&#8221;.vc_custom_1612180415270{margin-bottom: 0px !important;padding-top: 5px !important;padding-bottom: 5px !important;}&#8221;][/vc_column][/vc_row][vc_row full_width=&#8221;stretch_row_content_no_spaces&#8221; css=&#8221;.vc_custom_1612202884352{margin-bottom: 0px !important;padding-top: px !important;padding-right: 0px !important;padding-bottom: 0px !important;}&#8221; el_class=&#8221;bar-language&#8221;][vc_column css=&#8221;.vc_custom_1612180516486{margin-bottom: 0px !important;padding-top: 0px !important;padding-right: 32px !important;padding-bottom: 0px !important;}&#8221; offset=&#8221;vc_col-xs-12 vc_hidden-xs&#8221;][vc_custom_heading text=&#8221;`{`wpml_language_selector_widget`}`&#8221; font_container=&#8221;tag:h5|font_size:12px|text_align:right&#8221; use_theme_fonts=&#8221;yes&#8221; css=&#8221;.vc_custom_1612179881970{margin-bottom: 0px !important;padding-top: 5px !important;padding-bottom: 5px !important;}&#8221;][/vc_column][/vc_row][vc_row][vc_column offset=&#8221;vc_hidden-xs&#8221;][vc_empty_space height=&#8221;75&#8243;][/vc_column][/vc_row][vc_row full_width=&#8221;stretch_row_content_no_spaces&#8221; gap=&#8221;35&#8243; css=&#8221;.vc_custom_1584650599547{margin-top: 0px !important;padding-right: 0px !important;}&#8221;][vc_column width=&#8221;1/12&#8243; css=&#8221;.vc_custom_1584650160678{margin-top: 0px !important;}&#8221;][/vc_column][vc_column width=&#8221;4/12&#8243; offset=&#8221;vc_col-lg-offset-0 vc_col-md-offset-0 vc_col-sm-offset-0&#8243;][vc_single_image image=&#8221;12850&#8243; img_size=&#8221;full&#8221; alignment=&#8221;center&#8221; css=&#8221;.vc_custom_1765401911735{margin-top: 0px !important;}&#8221;][vc_raw_html][/vc_raw_html][/vc_column][vc_column width=&#8221;6/12&#8243;][vc_row_inner][vc_column_inner width=&#8221;1/12&#8243;][/vc_column_inner][vc_column_inner width=&#8221;11/12&#8243;][vc_column_text css=&#8221;.vc_custom_1765401316219{margin-top: 15px !important;}&#8221;]
<h2>Jana Corominas, <em>mezzosoprano</em></h2>
<p>Jana Corominas is a mezzo-soprano from Barcelona. She began her musical studies at the age of 5 with the Suzuki method. In 2024, she graduated from the Conservatori Superior del Liceu under the guidance of baritone Joan Martín Royo, with whom, together with Marta Pujol, she has completed the Master’s degree in Vocal Performance at the same institution. She is currently pursuing the official Master’s in Lied “Victoria de los Ángeles” at ESMUC.</p>
<p>She has been awarded a scholarship to participate in the 2025 edition of Lied the Future, a talent development programme run by the Associació Franz Schubert with the support of Fundación Banco Sabadell and Fundación Ferrer-Salat. She has furthered her vocal training through masterclasses, academies and courses with renowned professionals such as Emma Kirkby, Eduardo López Banzo, Marta Infante, Lluís Vilamajó, Sophie Koch, Christiane Karg, Didier Laclau-Barrère, Benjamin Appl, Francisco Poyato, Wolfram Rieger, Luciana Serra, among others.</p>
<p>She regularly collaborates with some of the most important choirs in Catalonia, including the Palau de la Música Chamber Choir, Cor Francesc Valls, Bach Collegium and the Bachcelona Akademie choir. She has worked with prominent national and international conductors such as Gustavo Dudamel, Christoph Siebert, Christoph Prégardien, Lluís Vilamajó, Pere Lluís Biosca, Manel Valdivieso and Mireia Barrera.<br />
<br />
[/vc_column_text][vc_empty_space height=&#8221;15&#8243;][/vc_column_inner][/vc_row_inner][/vc_column][vc_column width=&#8221;1/12&#8243;][/vc_column][/vc_row][vc_row][vc_column offset=&#8221;vc_hidden-sm vc_hidden-xs&#8221;][vc_empty_space height=&#8221;100&#8243;][/vc_column][/vc_row]
