{"id":11576,"date":"2024-03-23T23:15:05","date_gmt":"2024-03-23T23:15:05","guid":{"rendered":"https:\/\/www.bachcelona.com\/marc-garcia\/"},"modified":"2025-12-11T21:31:05","modified_gmt":"2025-12-11T21:31:05","slug":"marc-garcia","status":"publish","type":"page","link":"https:\/\/www.bachcelona.com\/en\/marc-garcia\/","title":{"rendered":"Marc Garcia"},"content":{"rendered":"[vc_row full_width=&#8221;stretch_row_content_no_spaces&#8221; css=&#8221;.vc_custom_1612202897517{margin-bottom: 0px !important;padding-top: px !important;padding-right: 0px !important;padding-bottom: 0px !important;}&#8221; el_class=&#8221;bar-language&#8221;][vc_column css=&#8221;.vc_custom_1612180406598{margin-bottom: 0px !important;padding-top: 0px !important;padding-bottom: 0px !important;}&#8221; offset=&#8221;vc_hidden-lg vc_hidden-md vc_hidden-sm vc_col-xs-12&#8243;][vc_custom_heading text=&#8221;`{`wpml_language_selector_widget`}`&#8221; font_container=&#8221;tag:h5|font_size:12px|text_align:center&#8221; use_theme_fonts=&#8221;yes&#8221; css=&#8221;.vc_custom_1612180415270{margin-bottom: 0px !important;padding-top: 5px !important;padding-bottom: 5px !important;}&#8221;][\/vc_column][\/vc_row][vc_row full_width=&#8221;stretch_row_content_no_spaces&#8221; css=&#8221;.vc_custom_1612202884352{margin-bottom: 0px !important;padding-top: px !important;padding-right: 0px !important;padding-bottom: 0px !important;}&#8221; el_class=&#8221;bar-language&#8221;][vc_column css=&#8221;.vc_custom_1612180516486{margin-bottom: 0px !important;padding-top: 0px !important;padding-right: 32px !important;padding-bottom: 0px !important;}&#8221; offset=&#8221;vc_col-xs-12 vc_hidden-xs&#8221;][vc_custom_heading text=&#8221;`{`wpml_language_selector_widget`}`&#8221; font_container=&#8221;tag:h5|font_size:12px|text_align:right&#8221; use_theme_fonts=&#8221;yes&#8221; css=&#8221;.vc_custom_1612179881970{margin-bottom: 0px !important;padding-top: 5px !important;padding-bottom: 5px !important;}&#8221;][\/vc_column][\/vc_row][vc_row][vc_column offset=&#8221;vc_hidden-xs&#8221;][vc_empty_space height=&#8221;75&#8243;][\/vc_column][\/vc_row][vc_row full_width=&#8221;stretch_row_content_no_spaces&#8221; gap=&#8221;35&#8243; css=&#8221;.vc_custom_1584650599547{margin-top: 0px !important;padding-right: 0px !important;}&#8221;][vc_column width=&#8221;1\/12&#8243; css=&#8221;.vc_custom_1584650160678{margin-top: 0px !important;}&#8221;][\/vc_column][vc_column width=&#8221;4\/12&#8243; offset=&#8221;vc_col-lg-offset-0 vc_col-md-offset-0 vc_col-sm-offset-0&#8243;][vc_single_image image=&#8221;11557&#8243; img_size=&#8221;full&#8221; alignment=&#8221;center&#8221; css=&#8221;.vc_custom_1711229217204{margin-top: 0px !important;}&#8221;][vc_raw_html][\/vc_raw_html][\/vc_column][vc_column width=&#8221;6\/12&#8243;][vc_row_inner][vc_column_inner width=&#8221;1\/12&#8243;][\/vc_column_inner][vc_column_inner width=&#8221;11\/12&#8243;][vc_column_text css=&#8221;.vc_custom_1711229176275{margin-top: 15px !important;}&#8221;]\n<h2>Marc Garcia, <em>tenor<\/em><\/h2>\n<p>Inicia la seva formaci\u00f3 musical a la ciutat on va n\u00e9ixer, Santa Coloma de Gramenet, a l&#8217;edat de 9 anys, primer amb la guitarra cl\u00e0ssica i despr\u00e9s amb el cant. Des de molt jove, s&#8217;involucra al m\u00f3n coral i de la m\u00fasica antiga, cosa que el fa decidir-se per comen\u00e7ar els seus estudis de Grau Superior d&#8217;Interpretaci\u00f3 de M\u00fasica Cl\u00e0ssica i Contempor\u00e0nia al Conservatori Superior de M\u00fasica del Liceu, amb la professora Marta Math\u00e9u com tutora. Tamb\u00e9 \u00e9s graduat per l&#8217;ESMUC al m\u00e0ster de lied Vict\u00f2ria dels \u00c0ngels, i actualment est\u00e0 treballant amb Amand Hekkers, membre del departament vocal del Koninklijk Conservatorium Den Haag. Paral\u00b7lelament, s&#8217;ha graduat en Hist\u00f2ria per la Universitat de Barcelona. Recentment, ha debutat al Festival LIFE Victoria dins de la categoria Life New Artists. Ha estat becat per la Fundaci\u00f3 Life Victoria, rebent classes magistrals per part de Sholto Kynoch, Simon Lepper, St\u00e9phane Degout, Wolfram Rieger, entre altres celebritats pel que fa al camp del lied. A m\u00e9s, ha actuat com a solista a les cantates BWV 131 i BWV 108 de Johann Sebastian Bach amb el Bach Collegium Barcelona, i t\u00e9 una \u00e0mplia experi\u00e8ncia en el madrigal itali\u00e0, especialment de Claudio Monteverdi. Ha treballat amb alguns dels millors directors del panorama tant local com internacional, amb noms a destacar com Franco Fagioli, Christoph Siebert, Sir Simon Rattle, Simon Halsey, Pablo Mielgo, Victor Pablo P\u00e9rez, Luis Vilamaj\u00f3, Mireia Barrera, Pedro Luis Biosca.[\/vc_column_text][vc_empty_space height=&#8221;15&#8243;][\/vc_column_inner][\/vc_row_inner][\/vc_column][vc_column width=&#8221;1\/12&#8243;][\/vc_column][\/vc_row][vc_row][vc_column offset=&#8221;vc_hidden-sm vc_hidden-xs&#8221;][vc_empty_space height=&#8221;100&#8243;][\/vc_column][\/vc_row]\n","protected":false},"excerpt":{"rendered":"<p>[vc_row full_width=&#8221;stretch_row_content_no_spaces&#8221; css=&#8221;.vc_custom_1612202897517{margin-bottom: 0px !important;padding-top: px !important;padding-right: 0px !important;padding-bottom: 0px !important;}&#8221; el_class=&#8221;bar-language&#8221;][vc_column css=&#8221;.vc_custom_1612180406598{margin-bottom: 0px !important;padding-top: 0px !important;padding-bottom: 0px !important;}&#8221; offset=&#8221;vc_hidden-lg vc_hidden-md vc_hidden-sm vc_col-xs-12&#8243;][vc_custom_heading text=&#8221;`{`wpml_language_selector_widget`}`&#8221; font_container=&#8221;tag:h5|font_size:12px|text_align:center&#8221; use_theme_fonts=&#8221;yes&#8221; css=&#8221;.vc_custom_1612180415270{margin-bottom: 0px !important;padding-top: 5px !important;padding-bottom: 5px !important;}&#8221;][\/vc_column][\/vc_row][vc_row full_width=&#8221;stretch_row_content_no_spaces&#8221; css=&#8221;.vc_custom_1612202884352{margin-bottom: 0px !important;padding-top: px !important;padding-right: 0px !important;padding-bottom: 0px !important;}&#8221; el_class=&#8221;bar-language&#8221;][vc_column css=&#8221;.vc_custom_1612180516486{margin-bottom: 0px !important;padding-top: 0px !important;padding-right: 32px !important;padding-bottom: 0px !important;}&#8221; offset=&#8221;vc_col-xs-12 vc_hidden-xs&#8221;][vc_custom_heading [&hellip;]<\/p>\n","protected":false},"author":1,"featured_media":0,"parent":0,"menu_order":1,"comment_status":"open","ping_status":"closed","template":"","meta":[],"aioseo_notices":[],"_links":{"self":[{"href":"https:\/\/www.bachcelona.com\/en\/wp-json\/wp\/v2\/pages\/11576"}],"collection":[{"href":"https:\/\/www.bachcelona.com\/en\/wp-json\/wp\/v2\/pages"}],"about":[{"href":"https:\/\/www.bachcelona.com\/en\/wp-json\/wp\/v2\/types\/page"}],"author":[{"embeddable":true,"href":"https:\/\/www.bachcelona.com\/en\/wp-json\/wp\/v2\/users\/1"}],"replies":[{"embeddable":true,"href":"https:\/\/www.bachcelona.com\/en\/wp-json\/wp\/v2\/comments?post=11576"}],"version-history":[{"count":2,"href":"https:\/\/www.bachcelona.com\/en\/wp-json\/wp\/v2\/pages\/11576\/revisions"}],"predecessor-version":[{"id":11578,"href":"https:\/\/www.bachcelona.com\/en\/wp-json\/wp\/v2\/pages\/11576\/revisions\/11578"}],"wp:attachment":[{"href":"https:\/\/www.bachcelona.com\/en\/wp-json\/wp\/v2\/media?parent=11576"}],"curies":[{"name":"wp","href":"https:\/\/api.w.org\/{rel}","templated":true}]}}

[vc_row full_width=&#8221;stretch_row_content_no_spaces&#8221; css=&#8221;.vc_custom_1612202897517{margin-bottom: 0px !important;padding-top: px !important;padding-right: 0px !important;padding-bottom: 0px !important;}&#8221; el_class=&#8221;bar-language&#8221;][vc_column css=&#8221;.vc_custom_1612180406598{margin-bottom: 0px !important;padding-top: 0px !important;padding-bottom: 0px !important;}&#8221; offset=&#8221;vc_hidden-lg vc_hidden-md vc_hidden-sm vc_col-xs-12&#8243;][vc_custom_heading text=&#8221;`{`wpml_language_selector_widget`}`&#8221; font_container=&#8221;tag:h5|font_size:12px|text_align:center&#8221; use_theme_fonts=&#8221;yes&#8221; css=&#8221;.vc_custom_1612180415270{margin-bottom: 0px !important;padding-top: 5px !important;padding-bottom: 5px !important;}&#8221;][/vc_column][/vc_row][vc_row full_width=&#8221;stretch_row_content_no_spaces&#8221; css=&#8221;.vc_custom_1612202884352{margin-bottom: 0px !important;padding-top: px !important;padding-right: 0px !important;padding-bottom: 0px !important;}&#8221; el_class=&#8221;bar-language&#8221;][vc_column css=&#8221;.vc_custom_1612180516486{margin-bottom: 0px !important;padding-top: 0px !important;padding-right: 32px !important;padding-bottom: 0px !important;}&#8221; offset=&#8221;vc_col-xs-12 vc_hidden-xs&#8221;][vc_custom_heading text=&#8221;`{`wpml_language_selector_widget`}`&#8221; font_container=&#8221;tag:h5|font_size:12px|text_align:right&#8221; use_theme_fonts=&#8221;yes&#8221; css=&#8221;.vc_custom_1612179881970{margin-bottom: 0px !important;padding-top: 5px !important;padding-bottom: 5px !important;}&#8221;][/vc_column][/vc_row][vc_row][vc_column offset=&#8221;vc_hidden-xs&#8221;][vc_empty_space height=&#8221;75&#8243;][/vc_column][/vc_row][vc_row full_width=&#8221;stretch_row_content_no_spaces&#8221; gap=&#8221;35&#8243; css=&#8221;.vc_custom_1584650599547{margin-top: 0px !important;padding-right: 0px !important;}&#8221;][vc_column width=&#8221;1/12&#8243; css=&#8221;.vc_custom_1584650160678{margin-top: 0px !important;}&#8221;][/vc_column][vc_column width=&#8221;4/12&#8243; offset=&#8221;vc_col-lg-offset-0 vc_col-md-offset-0 vc_col-sm-offset-0&#8243;][vc_single_image image=&#8221;11557&#8243; img_size=&#8221;full&#8221; alignment=&#8221;center&#8221; css=&#8221;.vc_custom_1711229217204{margin-top: 0px !important;}&#8221;][vc_raw_html][/vc_raw_html][/vc_column][vc_column width=&#8221;6/12&#8243;][vc_row_inner][vc_column_inner width=&#8221;1/12&#8243;][/vc_column_inner][vc_column_inner width=&#8221;11/12&#8243;][vc_column_text css=&#8221;.vc_custom_1711229176275{margin-top: 15px !important;}&#8221;]
<h2>Marc Garcia, <em>tenor</em></h2>
<p>Inicia la seva formació musical a la ciutat on va néixer, Santa Coloma de Gramenet, a l&#8217;edat de 9 anys, primer amb la guitarra clàssica i després amb el cant. Des de molt jove, s&#8217;involucra al món coral i de la música antiga, cosa que el fa decidir-se per començar els seus estudis de Grau Superior d&#8217;Interpretació de Música Clàssica i Contemporània al Conservatori Superior de Música del Liceu, amb la professora Marta Mathéu com tutora. També és graduat per l&#8217;ESMUC al màster de lied Victòria dels Àngels, i actualment està treballant amb Amand Hekkers, membre del departament vocal del Koninklijk Conservatorium Den Haag. Paral·lelament, s&#8217;ha graduat en Història per la Universitat de Barcelona. Recentment, ha debutat al Festival LIFE Victoria dins de la categoria Life New Artists. Ha estat becat per la Fundació Life Victoria, rebent classes magistrals per part de Sholto Kynoch, Simon Lepper, Stéphane Degout, Wolfram Rieger, entre altres celebritats pel que fa al camp del lied. A més, ha actuat com a solista a les cantates BWV 131 i BWV 108 de Johann Sebastian Bach amb el Bach Collegium Barcelona, i té una àmplia experiència en el madrigal italià, especialment de Claudio Monteverdi. Ha treballat amb alguns dels millors directors del panorama tant local com internacional, amb noms a destacar com Franco Fagioli, Christoph Siebert, Sir Simon Rattle, Simon Halsey, Pablo Mielgo, Victor Pablo Pérez, Luis Vilamajó, Mireia Barrera, Pedro Luis Biosca.[/vc_column_text][vc_empty_space height=&#8221;15&#8243;][/vc_column_inner][/vc_row_inner][/vc_column][vc_column width=&#8221;1/12&#8243;][/vc_column][/vc_row][vc_row][vc_column offset=&#8221;vc_hidden-sm vc_hidden-xs&#8221;][vc_empty_space height=&#8221;100&#8243;][/vc_column][/vc_row]
